--
-- Host: localhost    Database: iquartil_db
-- ------------------------------------------------------


--
-- Table structure for table `contactos`
--

CREATE TABLE `contactos` (
  `id` int NOT NULL AUTO_INCREMENT,
  `nombre` varchar(100) COLLATE utf8mb4_unicode_ci NOT NULL,
  `telefono` varchar(20) COLLATE utf8mb4_unicode_ci NOT NULL,
  `fecha` datetime NOT NULL,
  `ip` varchar(45) COLLATE utf8mb4_unicode_ci DEFAULT NULL,
  PRIMARY KEY (`id`),
  KEY `fecha` (`fecha`)
) ENGINE=InnoDB DEFAULT CHARSET=utf8mb4 COLLATE=utf8mb4_unicode_ci;

--
-- Dumping data for table `contactos`
--


--
-- Table structure for table `encuestadores_proyectos`
--

CREATE TABLE `encuestadores_proyectos` (
  `id` int NOT NULL AUTO_INCREMENT,
  `user_id` int NOT NULL,
  `proyecto_id` int NOT NULL,
  `estado` enum('Activo','Inactivo') NOT NULL DEFAULT 'Activo',
  `cantidad_encuestas` int DEFAULT '0',
  `sujeto_id` int DEFAULT NULL,
  PRIMARY KEY (`id`),
  KEY `user_id` (`user_id`),
  KEY `proyecto_id` (`proyecto_id`),
  CONSTRAINT `encuestadores_proyectos_ibfk_1` FOREIGN KEY (`user_id`) REFERENCES `users` (`id`),
  CONSTRAINT `encuestadores_proyectos_ibfk_2` FOREIGN KEY (`proyecto_id`) REFERENCES `proyectos` (`id`)
) ENGINE=InnoDB AUTO_INCREMENT=268 DEFAULT CHARSET=utf8mb4 COLLATE=utf8mb4_0900_ai_ci;

--
-- Dumping data for table `encuestadores_proyectos`
--

INSERT INTO `encuestadores_proyectos` VALUES (3,13,5,'Activo',0,NULL),(4,13,5,'Activo',0,NULL),(5,13,14,'Activo',10,NULL),(6,14,13,'Activo',9,NULL),(7,14,14,'Activo',1,NULL),(8,14,16,'Activo',48,NULL),(9,11,16,'Activo',8,NULL),(10,13,16,'Activo',2,NULL),(11,14,17,'Activo',5,NULL),(12,11,17,'Activo',10,NULL),(13,13,17,'Activo',25,NULL),(14,14,20,'Activo',246,NULL),(15,14,20,'Activo',247,NULL),(16,14,20,'Activo',248,NULL),(17,14,20,'Activo',249,NULL),(18,14,20,'Activo',250,NULL),(19,14,20,'Activo',251,NULL),(20,14,20,'Activo',252,NULL),(21,14,20,'Activo',253,NULL),(22,14,20,'Activo',254,NULL),(23,14,20,'Activo',255,NULL),(24,14,20,'Activo',256,NULL),(25,14,20,'Activo',257,NULL),(26,14,20,'Activo',258,NULL),(27,14,20,'Activo',259,NULL),(28,14,20,'Activo',260,NULL),(29,14,20,'Activo',261,NULL),(30,14,20,'Activo',262,NULL),(31,14,20,'Activo',263,NULL),(32,14,20,'Activo',264,NULL),(33,14,20,'Activo',265,NULL),(34,14,20,'Activo',266,NULL),(35,11,20,'Activo',246,NULL),(36,11,20,'Activo',247,NULL),(37,11,20,'Activo',248,NULL),(38,11,20,'Activo',249,NULL),(39,11,20,'Activo',250,NULL),(40,11,20,'Activo',251,NULL),(41,11,20,'Activo',252,NULL),(42,11,20,'Activo',253,NULL),(43,11,20,'Activo',254,NULL),(44,11,20,'Activo',255,NULL),(45,11,20,'Activo',256,NULL),(46,11,20,'Activo',257,NULL),(47,11,20,'Activo',258,NULL),(48,11,20,'Activo',259,NULL),(49,11,20,'Activo',260,NULL),(50,11,20,'Activo',261,NULL),(51,11,20,'Activo',262,NULL),(52,11,20,'Activo',263,NULL),(53,11,20,'Activo',264,NULL),(54,11,20,'Activo',265,NULL),(55,11,20,'Activo',266,NULL),(56,11,20,'Activo',267,NULL),(57,11,20,'Activo',268,NULL),(58,11,20,'Activo',269,NULL),(59,11,20,'Activo',270,NULL),(60,13,20,'Activo',246,NULL),(61,13,20,'Activo',247,NULL),(62,13,20,'Activo',248,NULL),(63,13,20,'Activo',249,NULL),(64,13,20,'Activo',250,NULL),(65,13,20,'Activo',251,NULL),(66,13,20,'Activo',252,NULL),(67,13,20,'Activo',253,NULL),(68,13,20,'Activo',254,NULL),(69,13,20,'Activo',255,NULL),(70,13,20,'Activo',256,NULL),(71,13,20,'Activo',257,NULL),(72,13,20,'Activo',258,NULL),(73,13,20,'Activo',259,NULL),(74,13,20,'Activo',260,NULL),(75,13,20,'Activo',261,NULL),(76,13,20,'Activo',262,NULL),(77,13,20,'Activo',263,NULL),(78,13,20,'Activo',264,NULL),(79,13,20,'Activo',265,NULL),(80,13,20,'Activo',266,NULL),(81,13,20,'Activo',267,NULL),(82,13,20,'Activo',268,NULL),(83,13,20,'Activo',269,NULL),(84,13,20,'Activo',270,NULL),(85,13,20,'Activo',271,NULL),(86,13,20,'Activo',272,NULL),(87,13,20,'Activo',273,NULL),(88,13,20,'Activo',274,NULL),(89,13,20,'Activo',275,NULL),(90,13,20,'Activo',276,NULL),(91,13,20,'Activo',277,NULL),(92,13,20,'Activo',278,NULL),(93,13,20,'Activo',279,NULL),(94,13,20,'Activo',280,NULL),(95,13,20,'Activo',281,NULL),(96,13,20,'Activo',282,NULL),(97,13,20,'Activo',283,NULL),(98,13,20,'Activo',284,NULL),(99,13,20,'Activo',285,NULL),(100,13,20,'Activo',286,NULL),(101,13,20,'Activo',287,NULL),(102,13,20,'Activo',288,NULL),(103,13,20,'Activo',289,NULL),(104,13,20,'Activo',290,NULL),(105,13,20,'Activo',291,NULL),(106,13,20,'Activo',292,NULL),(107,13,20,'Activo',293,NULL),(108,13,20,'Activo',294,NULL),(109,13,20,'Activo',295,NULL),(110,13,21,'Activo',346,NULL),(111,13,21,'Activo',347,NULL),(112,13,21,'Activo',348,NULL),(113,13,21,'Activo',349,NULL),(114,13,21,'Activo',350,NULL),(115,13,21,'Activo',351,NULL),(116,13,21,'Activo',352,NULL),(117,13,21,'Activo',353,NULL),(118,13,21,'Activo',354,NULL),(119,13,21,'Activo',355,NULL),(120,13,21,'Activo',356,NULL),(121,13,21,'Activo',357,NULL),(122,13,21,'Activo',358,NULL),(123,13,21,'Activo',359,NULL),(124,13,21,'Activo',360,NULL),(125,13,21,'Activo',361,NULL),(126,13,21,'Activo',362,NULL),(127,13,21,'Activo',363,NULL),(128,13,21,'Activo',364,NULL),(129,13,21,'Activo',365,NULL),(130,13,21,'Activo',366,NULL),(131,13,21,'Activo',367,NULL),(132,13,21,'Activo',368,NULL),(133,13,21,'Activo',369,NULL),(134,13,21,'Activo',370,NULL),(135,13,21,'Activo',371,NULL),(136,13,21,'Activo',372,NULL),(137,13,21,'Activo',373,NULL),(138,13,21,'Activo',374,NULL),(139,13,21,'Activo',375,NULL),(140,13,21,'Activo',376,NULL),(141,13,21,'Activo',377,NULL),(142,13,21,'Activo',378,NULL),(143,13,21,'Activo',379,NULL),(144,13,21,'Activo',380,NULL),(145,13,21,'Activo',381,NULL),(146,13,21,'Activo',382,NULL),(147,13,21,'Activo',383,NULL),(148,13,21,'Activo',384,NULL),(149,13,21,'Activo',385,NULL),(150,13,21,'Activo',386,NULL),(151,13,21,'Activo',387,NULL),(152,13,21,'Activo',388,NULL),(153,13,21,'Activo',389,NULL),(154,13,21,'Activo',390,NULL),(155,13,21,'Activo',391,NULL),(156,13,21,'Activo',392,NULL),(157,13,21,'Activo',393,NULL),(158,13,21,'Activo',394,NULL),(159,13,21,'Activo',395,NULL),(160,13,21,'Activo',396,NULL),(161,13,21,'Activo',397,NULL),(162,13,21,'Activo',398,NULL),(163,13,21,'Activo',399,NULL),(164,13,21,'Activo',400,NULL),(165,13,21,'Activo',401,NULL),(166,13,21,'Activo',402,NULL),(167,13,21,'Activo',403,NULL),(168,14,23,'Activo',49,546),(169,14,23,'Activo',49,547),(170,14,23,'Activo',49,548),(171,14,23,'Activo',49,549),(172,14,23,'Activo',49,550),(173,14,23,'Activo',49,551),(174,14,23,'Activo',49,552),(175,14,23,'Activo',49,553),(176,14,23,'Activo',49,554),(177,14,23,'Activo',49,555),(178,14,23,'Activo',49,556),(179,14,23,'Activo',49,557),(180,14,23,'Activo',49,558),(181,14,23,'Activo',49,559),(182,14,23,'Activo',49,560),(183,14,23,'Activo',49,561),(184,14,23,'Activo',49,562),(185,14,23,'Activo',49,563),(186,14,23,'Activo',49,564),(187,14,23,'Activo',49,565),(188,14,23,'Activo',49,566),(189,14,23,'Activo',49,567),(190,14,23,'Activo',49,568),(191,14,23,'Activo',49,569),(192,14,23,'Activo',49,570),(193,14,23,'Activo',49,571),(194,14,23,'Activo',49,572),(195,14,23,'Activo',49,573),(196,14,23,'Activo',49,574),(197,14,23,'Activo',49,575),(198,14,23,'Activo',49,576),(199,14,23,'Activo',49,577),(200,14,23,'Activo',49,578),(201,14,23,'Activo',49,579),(202,14,23,'Activo',49,580),(203,14,23,'Activo',49,581),(204,14,23,'Activo',49,582),(205,14,23,'Activo',49,583),(206,14,23,'Activo',49,584),(207,14,23,'Activo',49,585),(208,14,23,'Activo',49,586),(209,14,23,'Activo',49,587),(210,14,23,'Activo',49,588),(211,14,23,'Activo',49,589),(212,14,23,'Activo',49,590),(213,14,23,'Activo',49,591),(214,14,23,'Activo',49,592),(215,14,23,'Activo',49,593),(216,14,23,'Activo',49,594),(217,11,23,'Activo',1,546),(218,13,23,'Activo',50,546),(219,13,23,'Activo',50,547),(220,13,23,'Activo',50,548),(221,13,23,'Activo',50,549),(222,13,23,'Activo',50,550),(223,13,23,'Activo',50,551),(224,13,23,'Activo',50,552),(225,13,23,'Activo',50,553),(226,13,23,'Activo',50,554),(227,13,23,'Activo',50,555),(228,13,23,'Activo',50,556),(229,13,23,'Activo',50,557),(230,13,23,'Activo',50,558),(231,13,23,'Activo',50,559),(232,13,23,'Activo',50,560),(233,13,23,'Activo',50,561),(234,13,23,'Activo',50,562),(235,13,23,'Activo',50,563),(236,13,23,'Activo',50,564),(237,13,23,'Activo',50,565),(238,13,23,'Activo',50,566),(239,13,23,'Activo',50,567),(240,13,23,'Activo',50,568),(241,13,23,'Activo',50,569),(242,13,23,'Activo',50,570),(243,13,23,'Activo',50,571),(244,13,23,'Activo',50,572),(245,13,23,'Activo',50,573),(246,13,23,'Activo',50,574),(247,13,23,'Activo',50,575),(248,13,23,'Activo',50,576),(249,13,23,'Activo',50,577),(250,13,23,'Activo',50,578),(251,13,23,'Activo',50,579),(252,13,23,'Activo',50,580),(253,13,23,'Activo',50,581),(254,13,23,'Activo',50,582),(255,13,23,'Activo',50,583),(256,13,23,'Activo',50,584),(257,13,23,'Activo',50,585),(258,13,23,'Activo',50,586),(259,13,23,'Activo',50,587),(260,13,23,'Activo',50,588),(261,13,23,'Activo',50,589),(262,13,23,'Activo',50,590),(263,13,23,'Activo',50,591),(264,13,23,'Activo',50,592),(265,13,23,'Activo',50,593),(266,13,23,'Activo',50,594),(267,13,23,'Activo',50,595);

--
-- Table structure for table `encuestadores_sujetos`
--

CREATE TABLE `encuestadores_sujetos` (
  `id` int NOT NULL AUTO_INCREMENT,
  `encuestador_id` int NOT NULL,
  `sujeto_id` int NOT NULL,
  `cantidad_asignadas` int DEFAULT '1',
  PRIMARY KEY (`id`),
  KEY `encuestador_id` (`encuestador_id`),
  KEY `sujeto_id` (`sujeto_id`),
  CONSTRAINT `encuestadores_sujetos_ibfk_1` FOREIGN KEY (`encuestador_id`) REFERENCES `users` (`id`),
  CONSTRAINT `encuestadores_sujetos_ibfk_2` FOREIGN KEY (`sujeto_id`) REFERENCES `sujetos` (`id`)
) ENGINE=InnoDB DEFAULT CHARSET=utf8mb4 COLLATE=utf8mb4_0900_ai_ci;

--
-- Dumping data for table `encuestadores_sujetos`
--


--
-- Table structure for table `fechas_cumpleanos`
--

CREATE TABLE `fechas_cumpleanos` (
  `id` int NOT NULL AUTO_INCREMENT,
  `mes` varchar(20) NOT NULL,
  `dia` int NOT NULL,
  `nombre` varchar(100) DEFAULT NULL,
  `ingreso` date DEFAULT NULL,
  `foto` varchar(255) DEFAULT NULL,
  PRIMARY KEY (`id`)
) ENGINE=InnoDB DEFAULT CHARSET=utf8mb4 COLLATE=utf8mb4_0900_ai_ci;

--
-- Dumping data for table `fechas_cumpleanos`
--


--
-- Table structure for table `historial_sujetos`
--

CREATE TABLE `historial_sujetos` (
  `id` int NOT NULL AUTO_INCREMENT,
  `sujeto_id` int NOT NULL,
  `usuario_id` int NOT NULL,
  `campo` varchar(255) NOT NULL,
  `valor_anterior` text,
  `valor_nuevo` text,
  `fecha_cambio` datetime NOT NULL,
  PRIMARY KEY (`id`)
) ENGINE=InnoDB AUTO_INCREMENT=9 DEFAULT CHARSET=utf8mb4 COLLATE=utf8mb4_0900_ai_ci;

--
-- Dumping data for table `historial_sujetos`
--

INSERT INTO `historial_sujetos` VALUES (1,0,4,'estado',NULL,'Agendado','2025-05-08 21:17:19'),(2,0,4,'estado',NULL,'Llamar Más Tarde','2025-05-08 21:18:36'),(3,0,4,'observaciones',NULL,'LO LLAMO A LAS 4:22','2025-05-08 21:18:36'),(4,0,4,'numero_intentos',NULL,'1','2025-05-08 21:18:36'),(5,0,4,'estado',NULL,'Agendado','2025-05-08 21:19:18'),(6,0,4,'observaciones',NULL,'LO LLAMAO MAS TARDE','2025-05-08 21:19:18'),(7,0,4,'estado',NULL,'Agendado','2025-05-08 21:19:50'),(8,0,4,'observaciones',NULL,'HHGHHH','2025-05-08 21:19:50');

--
-- Table structure for table `llamadas_agendadas`
--

CREATE TABLE `llamadas_agendadas` (
  `id` int NOT NULL AUTO_INCREMENT,
  `sujeto_id` int NOT NULL,
  `proyecto_id` int NOT NULL,
  `fecha_hora_agendada` datetime NOT NULL,
  `fecha_hora_notificacion` datetime DEFAULT NULL,
  `estado` enum('pendiente','completada','cancelada') DEFAULT 'pendiente',
  `observaciones` text,
  `creado_en` datetime DEFAULT CURRENT_TIMESTAMP,
  `actualizado_en` datetime DEFAULT NULL ON UPDATE CURRENT_TIMESTAMP,
  PRIMARY KEY (`id`),
  KEY `sujeto_id` (`sujeto_id`),
  KEY `proyecto_id` (`proyecto_id`),
  KEY `fecha_hora_agendada` (`fecha_hora_agendada`),
  KEY `estado` (`estado`),
  CONSTRAINT `llamadas_agendadas_ibfk_1` FOREIGN KEY (`sujeto_id`) REFERENCES `sujetos` (`id`),
  CONSTRAINT `llamadas_agendadas_ibfk_2` FOREIGN KEY (`proyecto_id`) REFERENCES `proyectos` (`id`)
) ENGINE=InnoDB DEFAULT CHARSET=utf8mb4 COLLATE=utf8mb4_0900_ai_ci;

--
-- Dumping data for table `llamadas_agendadas`
--


--
-- Table structure for table `permisos`
--

CREATE TABLE `permisos` (
  `id` bigint unsigned NOT NULL AUTO_INCREMENT,
  `nombre_empleado` varchar(255) NOT NULL,
  `fecha_inicio` date NOT NULL,
  `fecha_fin` date NOT NULL,
  `tipo_permiso` varchar(50) NOT NULL,
  `motivo` text NOT NULL,
  `archivo_adjunto` varchar(255) DEFAULT NULL,
  `estado` varchar(20) NOT NULL,
  `observacion` text,
  `fecha_creacion` timestamp NULL DEFAULT CURRENT_TIMESTAMP,
  PRIMARY KEY (`id`)
) ENGINE=InnoDB DEFAULT CHARSET=utf8mb4 COLLATE=utf8mb4_0900_ai_ci;

--
-- Dumping data for table `permisos`
--


--
-- Table structure for table `proyectos`
--

CREATE TABLE `proyectos` (
  `id` int NOT NULL AUTO_INCREMENT,
  `nombre` varchar(255) NOT NULL,
  `descripcion` text,
  `fecha_inicio` date DEFAULT NULL,
  `fecha_fin` date DEFAULT NULL,
  PRIMARY KEY (`id`)
) ENGINE=InnoDB AUTO_INCREMENT=24 DEFAULT CHARSET=utf8mb4 COLLATE=utf8mb4_0900_ai_ci;

--
-- Dumping data for table `proyectos`
--

INSERT INTO `proyectos` VALUES (2,'Cerrejon','Empresa de minasss','2025-04-22','2025-05-10'),(3,'Cerrejonnnnn','nnn','2025-04-14','2025-05-07'),(4,'Ejemplo 33','IIIUUU','2025-04-14','2025-05-09'),(5,'Semillas','Primera infancia','2025-04-29','2025-05-01'),(6,'Andes','Proyecto','2025-04-30','2025-05-10'),(7,'iq','ejemplo','2025-05-20','2025-05-31'),(8,'IQ','Ejempplo','2025-05-21','2025-05-31'),(9,'IQ','Ejempplo','2025-05-21','2025-05-31'),(10,'IQQQQQ','EJEMPLO','2025-05-21','2025-05-31'),(11,'IQQQQQQQQQQQQ','DEEEEE','2025-05-21','2025-05-31'),(12,'SAMUELMKAAA','FFGHG','2025-05-22','2025-05-30'),(13,'Prueba','se le pondra a dos encuestadores y no deben tener los mismos sujetos','2025-05-22','2025-05-31'),(14,'prueba 2','ssss','2025-05-22','2025-05-31'),(15,'Prueba 3','con 100 sujetos','2025-05-22','2025-05-31'),(16,'prueba 4','100 sujetos','2025-05-22','2025-05-30'),(17,'prueba 10','100 sujetos 50 para setio 2 para encuestador','2005-12-12','2006-02-24'),(18,'test50','dessss','2025-05-15','2025-05-31'),(19,'test51','test51','2025-05-12','2025-05-30'),(20,'sssss','ssssss','2025-05-22','2025-05-30'),(21,'hhhh','hhh','2025-05-19','2025-05-29'),(22,'pirobo','hpta malparido','2025-05-14','2025-05-31'),(23,'sapo','hpta','0001-05-12','2025-05-12');

--
-- Table structure for table `roles`
--

CREATE TABLE `roles` (
  `id` int NOT NULL AUTO_INCREMENT,
  `rol_name` varchar(50) NOT NULL,
  PRIMARY KEY (`id`)
) ENGINE=InnoDB AUTO_INCREMENT=13 DEFAULT CHARSET=utf8mb4 COLLATE=utf8mb4_0900_ai_ci;

--
-- Dumping data for table `roles`
--

INSERT INTO `roles` VALUES (1,'Admin'),(2,'Usuario'),(3,'Admin_tickets'),(4,'cliente'),(5,'Admin_encuestas'),(6,'encuestador');

--
-- Table structure for table `solicitudes_permisos`
--

CREATE TABLE `solicitudes_permisos` (
  `id` bigint unsigned NOT NULL AUTO_INCREMENT,
  `nombre_empleado` varchar(255) NOT NULL,
  `fecha_inicio` date NOT NULL,
  `fecha_fin` date NOT NULL,
  `tipo_permiso` varchar(50) NOT NULL,
  `motivo` text NOT NULL,
  `archivo_adjunto` varchar(255) DEFAULT NULL,
  `jefe_inmediato` varchar(255) NOT NULL,
  `socio` varchar(255) DEFAULT NULL,
  `estado` varchar(20) DEFAULT 'pendiente',
  `observaciones` text,
  `fecha_creacion` timestamp NULL DEFAULT CURRENT_TIMESTAMP,
  PRIMARY KEY (`id`)
) ENGINE=InnoDB DEFAULT CHARSET=utf8mb4 COLLATE=utf8mb4_0900_ai_ci;

--
-- Dumping data for table `solicitudes_permisos`
--


--
-- Table structure for table `sujetos`
--

CREATE TABLE `sujetos` (
  `id` int NOT NULL AUTO_INCREMENT,
  `proyecto_id` int DEFAULT NULL,
  `nombre` varchar(255) NOT NULL,
  `tipo_documento` varchar(50) DEFAULT NULL,
  `numero_documento` varchar(50) DEFAULT NULL,
  `celular1` varchar(20) DEFAULT NULL,
  `celular2` varchar(20) DEFAULT NULL,
  `celular3` varchar(20) DEFAULT NULL,
  `correo` varchar(255) DEFAULT NULL,
  `observaciones` text,
  `estado` enum('Sin Contactar','Agendado','Efectiva','Llamar Más Tarde','Sin Agendar') DEFAULT 'Sin Contactar',
  `intentos_llamada` text,
  `fecha_ultimo_intento` datetime DEFAULT NULL,
  `ultimo_intento` datetime DEFAULT NULL,
  `numero_intentos` int DEFAULT '0',
  `intentos_previos` longtext,
  `nuevo_celular` varchar(20) DEFAULT NULL,
  `nuevo_correo` varchar(255) DEFAULT NULL,
  `llamadas_agendadas` datetime DEFAULT NULL,
  `fecha_agendar` datetime DEFAULT NULL,
  PRIMARY KEY (`id`),
  KEY `proyecto_id` (`proyecto_id`),
  CONSTRAINT `sujetos_ibfk_1` FOREIGN KEY (`proyecto_id`) REFERENCES `proyectos` (`id`)
) ENGINE=InnoDB AUTO_INCREMENT=646 DEFAULT CHARSET=utf8mb4 COLLATE=utf8mb4_0900_ai_ci;

--
-- Dumping data for table `sujetos`
--

INSERT INTO `sujetos` VALUES (1,2,'Juan Pérez','CC','123456789','3101234567','3202345678','3003456789','juan.perez@ejemplo.com','AAAAA','Llamar Más Tarde',NULL,NULL,'2025-05-06 17:17:44',2,'[\"2025-05-06 10:39:54\",\"2025-05-06 14:29:04\"]','','','2025-05-10 15:30:00','2025-05-10 15:30:00'),(2,2,'María Gómez','CE','987654321','3151234567','3172345678','3183456789','maria.gomez@ejemplo.com','','Agendado',NULL,NULL,'2025-05-13 18:36:27',3,'[\"2025-05-06 13:29:56\"]','','','2025-05-23 13:36:00','2025-05-23 13:36:00'),(3,2,'Carlos Rodríguez','TI','112233445','3111234567','3122345678','3133456789','carlos.rodriguez@ejemplo.com','','Agendado',NULL,NULL,'2025-05-13 15:19:13',1,'[\"2025-05-06 12:01:05\"]','','',NULL,NULL),(4,2,'Ana López','CC','556677889','3141234567','3162345678','3193456789','ana.lopez@ejemplo.com','','Agendado',NULL,NULL,'2025-05-13 16:44:25',1,'[\"2025-05-06 13:45:53\"]','','',NULL,NULL),(5,2,'Pedro Martínez','CE','998877665','3201234567','3212345678','3223456789','pedro.martinez@ejemplo.com','','Efectiva',NULL,NULL,'2025-05-13 18:26:17',1,'[\"2025-05-06 13:46:38\"]','','','2025-05-13 13:27:00','2025-05-13 13:27:00'),(6,2,'Laura Díaz','CC','443322110','3231234567','3242345678','3253456789','laura.diaz@ejemplo.com','','Sin Agendar',NULL,NULL,'2025-05-06 15:31:03',1,'[\"2025-05-06 14:07:19\"]','','',NULL,NULL),(7,2,'Andrés Castro','TI','334455667','3261234567','3272345678','3283456789','andres.castro@ejemplo.com','','Agendado',NULL,NULL,'2025-05-13 18:24:49',0,NULL,'','','2025-05-15 13:24:00','2025-05-15 13:24:00'),(8,2,'Sofía Ruiz','CC','778899001','3291234567','3302345678','3313456789','sofia.ruiz@ejemplo.com','','Agendado',NULL,NULL,'2025-05-13 18:24:36',0,'[]','','','2025-05-29 13:14:00','2025-05-29 13:14:00'),(9,2,'Diego Herrera','CE','112233445','3321234567','3332345678','3343456789','diego.herrera@ejemplo.com','fff','Agendado',NULL,NULL,'2025-05-06 14:47:41',0,'[]','','',NULL,NULL),(10,2,'Valentina Sánchez','CC','556677889','3351234567','3362345678','3373456789','valentina.sanchez@ejemplo.com','','Llamar Más Tarde',NULL,NULL,'2025-05-08 10:03:49',3,'[\"2025-05-06 14:17:03\",\"2025-05-06 14:17:31\",\"2025-05-06 14:29:18\"]','','',NULL,NULL),(11,3,'Juan Pérez','CC','123456789','3101234567','3202345678','3003456789','juan.perez@ejemplo.com',NULL,'Sin Contactar',NULL,NULL,NULL,0,NULL,NULL,NULL,NULL,NULL),(12,3,'María Gómez','CE','987654321','3151234567','3172345678','3183456789','maria.gomez@ejemplo.com',NULL,'Sin Contactar',NULL,NULL,NULL,0,NULL,NULL,NULL,NULL,NULL),(13,3,'Carlos Rodríguez','TI','112233445','3111234567','3122345678','3133456789','carlos.rodriguez@ejemplo.com',NULL,'Sin Contactar',NULL,NULL,NULL,0,NULL,NULL,NULL,NULL,NULL),(14,3,'Ana López','CC','556677889','3141234567','3162345678','3193456789','ana.lopez@ejemplo.com',NULL,'Sin Contactar',NULL,NULL,NULL,0,NULL,NULL,NULL,NULL,NULL),(15,3,'Pedro Martínez','CE','998877665','3201234567','3212345678','3223456789','pedro.martinez@ejemplo.com',NULL,'Sin Contactar',NULL,NULL,NULL,0,NULL,NULL,NULL,NULL,NULL),(16,3,'Laura Díaz','CC','443322110','3231234567','3242345678','3253456789','laura.diaz@ejemplo.com',NULL,'Sin Contactar',NULL,NULL,NULL,0,NULL,NULL,NULL,NULL,NULL),(17,3,'Andrés Castro','TI','334455667','3261234567','3272345678','3283456789','andres.castro@ejemplo.com',NULL,'Sin Contactar',NULL,NULL,NULL,0,NULL,NULL,NULL,NULL,NULL),(18,3,'Sofía Ruiz','CC','778899001','3291234567','3302345678','3313456789','sofia.ruiz@ejemplo.com',NULL,'Sin Contactar',NULL,NULL,NULL,0,NULL,NULL,NULL,NULL,NULL),(19,3,'Diego Herrera','CE','112233445','3321234567','3332345678','3343456789','diego.herrera@ejemplo.com',NULL,'Sin Contactar',NULL,NULL,NULL,0,NULL,NULL,NULL,NULL,NULL),(20,3,'Valentina Sánchez','CC','556677889','3351234567','3362345678','3373456789','valentina.sanchez@ejemplo.com',NULL,'Sin Contactar',NULL,NULL,NULL,0,NULL,NULL,NULL,NULL,NULL),(21,4,'Juan Pérez','DNI','12345678A','600123456','601234567','602345678','juan.perez@example.com',NULL,'Sin Contactar',NULL,NULL,NULL,0,NULL,NULL,NULL,NULL,NULL),(22,4,'María López','NIE','X1234567Y','603456789','604567890','605678901','maria.lopez@example.com',NULL,'Sin Contactar',NULL,NULL,NULL,0,NULL,NULL,NULL,NULL,NULL),(23,4,'Carlos Ruiz','DNI','23456789B','606789012','607890123','608901234','carlos.ruiz@example.com',NULL,'Sin Contactar',NULL,NULL,NULL,0,NULL,NULL,NULL,NULL,NULL),(24,4,'Ana Gómez','NIE','Y2345678Z','609012345','610123456','611234567','ana.gomez@example.com',NULL,'Sin Contactar',NULL,NULL,NULL,0,NULL,NULL,NULL,NULL,NULL),(25,4,'Luis Martínez','DNI','34567890C','612345678','613456789','614567890','luis.martinez@example.com',NULL,'Sin Contactar',NULL,NULL,NULL,0,NULL,NULL,NULL,NULL,NULL),(26,4,'Laura Fernández','NIE','Z3456789A','615678901','616789012','617890123','laura.fernandez@example.com',NULL,'Sin Contactar',NULL,NULL,NULL,0,NULL,NULL,NULL,NULL,NULL),(27,4,'Pedro Sánchez','DNI','45678901D','618901234','619012345','620123456','pedro.sanchez@example.com',NULL,'Sin Contactar',NULL,NULL,NULL,0,NULL,NULL,NULL,NULL,NULL),(28,4,'Carmen Díaz','NIE','A4567890B','621234567','622345678','623456789','carmen.diaz@example.com',NULL,'Sin Contactar',NULL,NULL,NULL,0,NULL,NULL,NULL,NULL,NULL),(29,4,'Javier Morales','DNI','56789012E','624567890','625678901','626789012','javier.morales@example.com',NULL,'Sin Contactar',NULL,NULL,NULL,0,NULL,NULL,NULL,NULL,NULL),(30,4,'Isabel Ruiz','NIE','B5678901C','627890123','628901234','629012345','isabel.ruiz@example.com',NULL,'Sin Contactar',NULL,NULL,NULL,0,NULL,NULL,NULL,NULL,NULL),(31,11,'Juan Pérez','DNI','12345678','987654321','987654322','987654323','juan.perez@example.com',NULL,'Sin Contactar',NULL,NULL,NULL,0,NULL,NULL,NULL,NULL,NULL),(32,11,'Ana Gómez','Pasaporte','87654321','987654324','','987654325','ana.gomez@example.com',NULL,'Sin Contactar',NULL,NULL,NULL,0,NULL,NULL,NULL,NULL,NULL),(33,11,'Carlos López','DNI','23456789','987654326','987654327','','carlos.lopez@example.com',NULL,'Sin Contactar',NULL,NULL,NULL,0,NULL,NULL,NULL,NULL,NULL),(34,11,'Marta Ramírez','DNI','34567890','987654328','987654329','987654330','marta.ramirez@example.com',NULL,'Sin Contactar',NULL,NULL,NULL,0,NULL,NULL,NULL,NULL,NULL),(35,11,'Lucía Martínez','DNI','45678901','987654331','','987654332','lucia.martinez@example.com',NULL,'Sin Contactar',NULL,NULL,NULL,0,NULL,NULL,NULL,NULL,NULL),(36,13,'Juan Pérez','DNI','12345678','987654321','987654322','987654323','juan.perez@example.com',NULL,'Sin Contactar',NULL,NULL,NULL,0,NULL,NULL,NULL,NULL,NULL),(37,13,'Ana Gómez','Pasaporte','87654321','987654324','','987654325','ana.gomez@example.com',NULL,'Sin Contactar',NULL,NULL,NULL,0,NULL,NULL,NULL,NULL,NULL),(38,13,'Carlos López','DNI','23456789','987654326','987654327','','carlos.lopez@example.com',NULL,'Sin Contactar',NULL,NULL,NULL,0,NULL,NULL,NULL,NULL,NULL),(39,13,'Marta Ramírez','DNI','34567890','987654328','987654329','987654330','marta.ramirez@example.com',NULL,'Sin Contactar',NULL,NULL,NULL,0,NULL,NULL,NULL,NULL,NULL),(40,13,'Lucía Martínez','DNI','45678901','987654331','','987654332','lucia.martinez@example.com',NULL,'Sin Contactar',NULL,NULL,NULL,0,NULL,NULL,NULL,NULL,NULL),(41,14,'Juan Pérez','DNI','12345678','987654321','987654322','987654323','juan.perez@example.com',NULL,'Sin Contactar',NULL,NULL,NULL,0,NULL,NULL,NULL,NULL,NULL),(42,14,'Ana Gómez','Pasaporte','87654321','987654324','','987654325','ana.gomez@example.com',NULL,'Sin Contactar',NULL,NULL,NULL,0,NULL,NULL,NULL,NULL,NULL),(43,14,'Carlos López','DNI','23456789','987654326','987654327','','carlos.lopez@example.com',NULL,'Sin Contactar',NULL,NULL,NULL,0,NULL,NULL,NULL,NULL,NULL),(44,14,'Marta Ramírez','DNI','34567890','987654328','987654329','987654330','marta.ramirez@example.com',NULL,'Sin Contactar',NULL,NULL,NULL,0,NULL,NULL,NULL,NULL,NULL),(45,14,'Lucía Martínez','DNI','45678901','987654331','','987654332','lucia.martinez@example.com',NULL,'Sin Contactar',NULL,NULL,NULL,0,NULL,NULL,NULL,NULL,NULL),(46,16,'Juan Pérez','DNI','12345678','987654321','987654322','987654323','juan.perez@example.com',NULL,'Sin Contactar',NULL,NULL,NULL,0,NULL,NULL,NULL,NULL,NULL),(47,16,'Ana Gómez','Pasaporte','87654321','987654324','','987654325','ana.gomez@example.com',NULL,'Sin Contactar',NULL,NULL,NULL,0,NULL,NULL,NULL,NULL,NULL),(48,16,'Carlos López','DNI','23456789','987654326','987654327','','carlos.lopez@example.com',NULL,'Sin Contactar',NULL,NULL,NULL,0,NULL,NULL,NULL,NULL,NULL),(49,16,'Marta Ramírez','DNI','34567890','987654328','987654329','987654330','marta.ramirez@example.com',NULL,'Sin Contactar',NULL,NULL,NULL,0,NULL,NULL,NULL,NULL,NULL),(50,16,'Lucía Martínez','DNI','45678901','987654331','','987654332','lucia.martinez@example.com',NULL,'Sin Contactar',NULL,NULL,NULL,0,NULL,NULL,NULL,NULL,NULL),(51,16,'Juan Pérez','DNI','12345678','987654321','987654322','987654323','juan.perez@example.com',NULL,'Sin Contactar',NULL,NULL,NULL,0,NULL,NULL,NULL,NULL,NULL),(52,16,'Ana Gómez','Pasaporte','87654321','987654324','','987654325','ana.gomez@example.com',NULL,'Sin Contactar',NULL,NULL,NULL,0,NULL,NULL,NULL,NULL,NULL),(53,16,'Carlos López','DNI','23456789','987654326','987654327','','carlos.lopez@example.com',NULL,'Sin Contactar',NULL,NULL,NULL,0,NULL,NULL,NULL,NULL,NULL),(54,16,'Marta Ramírez','DNI','34567890','987654328','987654329','987654330','marta.ramirez@example.com',NULL,'Sin Contactar',NULL,NULL,NULL,0,NULL,NULL,NULL,NULL,NULL),(55,16,'Lucía Martínez','DNI','45678901','987654331','','987654332','lucia.martinez@example.com',NULL,'Sin Contactar',NULL,NULL,NULL,0,NULL,NULL,NULL,NULL,NULL),(56,16,'Juan Pérez','DNI','12345678','987654321','987654322','987654323','juan.perez@example.com',NULL,'Sin Contactar',NULL,NULL,NULL,0,NULL,NULL,NULL,NULL,NULL),(57,16,'Ana Gómez','Pasaporte','87654321','987654324','','987654325','ana.gomez@example.com',NULL,'Sin Contactar',NULL,NULL,NULL,0,NULL,NULL,NULL,NULL,NULL),(58,16,'Carlos López','DNI','23456789','987654326','987654327','','carlos.lopez@example.com',NULL,'Sin Contactar',NULL,NULL,NULL,0,NULL,NULL,NULL,NULL,NULL),(59,16,'Marta Ramírez','DNI','34567890','987654328','987654329','987654330','marta.ramirez@example.com',NULL,'Sin Contactar',NULL,NULL,NULL,0,NULL,NULL,NULL,NULL,NULL),(60,16,'Lucía Martínez','DNI','45678901','987654331','','987654332','lucia.martinez@example.com',NULL,'Sin Contactar',NULL,NULL,NULL,0,NULL,NULL,NULL,NULL,NULL),(61,16,'Juan Pérez','DNI','12345678','987654321','987654322','987654323','juan.perez@example.com',NULL,'Sin Contactar',NULL,NULL,NULL,0,NULL,NULL,NULL,NULL,NULL),(62,16,'Ana Gómez','Pasaporte','87654321','987654324','','987654325','ana.gomez@example.com',NULL,'Sin Contactar',NULL,NULL,NULL,0,NULL,NULL,NULL,NULL,NULL),(63,16,'Carlos López','DNI','23456789','987654326','987654327','','carlos.lopez@example.com',NULL,'Sin Contactar',NULL,NULL,NULL,0,NULL,NULL,NULL,NULL,NULL),(64,16,'Marta Ramírez','DNI','34567890','987654328','987654329','987654330','marta.ramirez@example.com',NULL,'Sin Contactar',NULL,NULL,NULL,0,NULL,NULL,NULL,NULL,NULL),(65,16,'Lucía Martínez','DNI','45678901','987654331','','987654332','lucia.martinez@example.com',NULL,'Sin Contactar',NULL,NULL,NULL,0,NULL,NULL,NULL,NULL,NULL),(66,16,'Juan Pérez','DNI','12345678','987654321','987654322','987654323','juan.perez@example.com',NULL,'Sin Contactar',NULL,NULL,NULL,0,NULL,NULL,NULL,NULL,NULL),(67,16,'Ana Gómez','Pasaporte','87654321','987654324','','987654325','ana.gomez@example.com',NULL,'Sin Contactar',NULL,NULL,NULL,0,NULL,NULL,NULL,NULL,NULL),(68,16,'Carlos López','DNI','23456789','987654326','987654327','','carlos.lopez@example.com',NULL,'Sin Contactar',NULL,NULL,NULL,0,NULL,NULL,NULL,NULL,NULL),(69,16,'Marta Ramírez','DNI','34567890','987654328','987654329','987654330','marta.ramirez@example.com',NULL,'Sin Contactar',NULL,NULL,NULL,0,NULL,NULL,NULL,NULL,NULL),(70,16,'Lucía Martínez','DNI','45678901','987654331','','987654332','lucia.martinez@example.com',NULL,'Sin Contactar',NULL,NULL,NULL,0,NULL,NULL,NULL,NULL,NULL),(71,16,'Juan Pérez','DNI','12345678','987654321','987654322','987654323','juan.perez@example.com',NULL,'Sin Contactar',NULL,NULL,NULL,0,NULL,NULL,NULL,NULL,NULL),(72,16,'Ana Gómez','Pasaporte','87654321','987654324','','987654325','ana.gomez@example.com',NULL,'Sin Contactar',NULL,NULL,NULL,0,NULL,NULL,NULL,NULL,NULL),(73,16,'Carlos López','DNI','23456789','987654326','987654327','','carlos.lopez@example.com',NULL,'Sin Contactar',NULL,NULL,NULL,0,NULL,NULL,NULL,NULL,NULL),(74,16,'Marta Ramírez','DNI','34567890','987654328','987654329','987654330','marta.ramirez@example.com',NULL,'Sin Contactar',NULL,NULL,NULL,0,NULL,NULL,NULL,NULL,NULL),(75,16,'Lucía Martínez','DNI','45678901','987654331','','987654332','lucia.martinez@example.com',NULL,'Sin Contactar',NULL,NULL,NULL,0,NULL,NULL,NULL,NULL,NULL),(76,16,'Juan Pérez','DNI','12345678','987654321','987654322','987654323','juan.perez@example.com',NULL,'Sin Contactar',NULL,NULL,NULL,0,NULL,NULL,NULL,NULL,NULL),(77,16,'Ana Gómez','Pasaporte','87654321','987654324','','987654325','ana.gomez@example.com',NULL,'Sin Contactar',NULL,NULL,NULL,0,NULL,NULL,NULL,NULL,NULL),(78,16,'Carlos López','DNI','23456789','987654326','987654327','','carlos.lopez@example.com',NULL,'Sin Contactar',NULL,NULL,NULL,0,NULL,NULL,NULL,NULL,NULL),(79,16,'Marta Ramírez','DNI','34567890','987654328','987654329','987654330','marta.ramirez@example.com',NULL,'Sin Contactar',NULL,NULL,NULL,0,NULL,NULL,NULL,NULL,NULL),(80,16,'Lucía Martínez','DNI','45678901','987654331','','987654332','lucia.martinez@example.com',NULL,'Sin Contactar',NULL,NULL,NULL,0,NULL,NULL,NULL,NULL,NULL),(81,16,'Juan Pérez','DNI','12345678','987654321','987654322','987654323','juan.perez@example.com',NULL,'Sin Contactar',NULL,NULL,NULL,0,NULL,NULL,NULL,NULL,NULL),(82,16,'Ana Gómez','Pasaporte','87654321','987654324','','987654325','ana.gomez@example.com',NULL,'Sin Contactar',NULL,NULL,NULL,0,NULL,NULL,NULL,NULL,NULL),(83,16,'Carlos López','DNI','23456789','987654326','987654327','','carlos.lopez@example.com',NULL,'Sin Contactar',NULL,NULL,NULL,0,NULL,NULL,NULL,NULL,NULL),(84,16,'Marta Ramírez','DNI','34567890','987654328','987654329','987654330','marta.ramirez@example.com',NULL,'Sin Contactar',NULL,NULL,NULL,0,NULL,NULL,NULL,NULL,NULL),(85,16,'Lucía Martínez','DNI','45678901','987654331','','987654332','lucia.martinez@example.com',NULL,'Sin Contactar',NULL,NULL,NULL,0,NULL,NULL,NULL,NULL,NULL),(86,16,'Juan Pérez','DNI','12345678','987654321','987654322','987654323','juan.perez@example.com',NULL,'Sin Contactar',NULL,NULL,NULL,0,NULL,NULL,NULL,NULL,NULL),(87,16,'Ana Gómez','Pasaporte','87654321','987654324','','987654325','ana.gomez@example.com',NULL,'Sin Contactar',NULL,NULL,NULL,0,NULL,NULL,NULL,NULL,NULL),(88,16,'Carlos López','DNI','23456789','987654326','987654327','','carlos.lopez@example.com',NULL,'Sin Contactar',NULL,NULL,NULL,0,NULL,NULL,NULL,NULL,NULL),(89,16,'Marta Ramírez','DNI','34567890','987654328','987654329','987654330','marta.ramirez@example.com',NULL,'Sin Contactar',NULL,NULL,NULL,0,NULL,NULL,NULL,NULL,NULL),(90,16,'Lucía Martínez','DNI','45678901','987654331','','987654332','lucia.martinez@example.com',NULL,'Sin Contactar',NULL,NULL,NULL,0,NULL,NULL,NULL,NULL,NULL),(91,16,'Juan Pérez','DNI','12345678','987654321','987654322','987654323','juan.perez@example.com',NULL,'Sin Contactar',NULL,NULL,NULL,0,NULL,NULL,NULL,NULL,NULL),(92,16,'Ana Gómez','Pasaporte','87654321','987654324','','987654325','ana.gomez@example.com',NULL,'Sin Contactar',NULL,NULL,NULL,0,NULL,NULL,NULL,NULL,NULL),(93,16,'Carlos López','DNI','23456789','987654326','987654327','','carlos.lopez@example.com',NULL,'Sin Contactar',NULL,NULL,NULL,0,NULL,NULL,NULL,NULL,NULL),(94,16,'Marta Ramírez','DNI','34567890','987654328','987654329','987654330','marta.ramirez@example.com',NULL,'Sin Contactar',NULL,NULL,NULL,0,NULL,NULL,NULL,NULL,NULL),(95,16,'Lucía Martínez','DNI','45678901','987654331','','987654332','lucia.martinez@example.com',NULL,'Sin Contactar',NULL,NULL,NULL,0,NULL,NULL,NULL,NULL,NULL),(96,16,'Juan Pérez','DNI','12345678','987654321','987654322','987654323','juan.perez@example.com',NULL,'Sin Contactar',NULL,NULL,NULL,0,NULL,NULL,NULL,NULL,NULL),(97,16,'Ana Gómez','Pasaporte','87654321','987654324','','987654325','ana.gomez@example.com',NULL,'Sin Contactar',NULL,NULL,NULL,0,NULL,NULL,NULL,NULL,NULL),(98,16,'Carlos López','DNI','23456789','987654326','987654327','','carlos.lopez@example.com',NULL,'Sin Contactar',NULL,NULL,NULL,0,NULL,NULL,NULL,NULL,NULL),(99,16,'Marta Ramírez','DNI','34567890','987654328','987654329','987654330','marta.ramirez@example.com',NULL,'Sin Contactar',NULL,NULL,NULL,0,NULL,NULL,NULL,NULL,NULL),(100,16,'Lucía Martínez','DNI','45678901','987654331','','987654332','lucia.martinez@example.com',NULL,'Sin Contactar',NULL,NULL,NULL,0,NULL,NULL,NULL,NULL,NULL),(101,16,'Juan Pérez','DNI','12345678','987654321','987654322','987654323','juan.perez@example.com',NULL,'Sin Contactar',NULL,NULL,NULL,0,NULL,NULL,NULL,NULL,NULL),(102,16,'Ana Gómez','Pasaporte','87654321','987654324','','987654325','ana.gomez@example.com',NULL,'Sin Contactar',NULL,NULL,NULL,0,NULL,NULL,NULL,NULL,NULL),(103,16,'Carlos López','DNI','23456789','987654326','987654327','','carlos.lopez@example.com',NULL,'Sin Contactar',NULL,NULL,NULL,0,NULL,NULL,NULL,NULL,NULL),(104,16,'Marta Ramírez','DNI','34567890','987654328','987654329','987654330','marta.ramirez@example.com',NULL,'Sin Contactar',NULL,NULL,NULL,0,NULL,NULL,NULL,NULL,NULL),(105,16,'Lucía Martínez','DNI','45678901','987654331','','987654332','lucia.martinez@example.com',NULL,'Sin Contactar',NULL,NULL,NULL,0,NULL,NULL,NULL,NULL,NULL),(106,16,'Juan Pérez','DNI','12345678','987654321','987654322','987654323','juan.perez@example.com',NULL,'Sin Contactar',NULL,NULL,NULL,0,NULL,NULL,NULL,NULL,NULL),(107,16,'Ana Gómez','Pasaporte','87654321','987654324','','987654325','ana.gomez@example.com',NULL,'Sin Contactar',NULL,NULL,NULL,0,NULL,NULL,NULL,NULL,NULL),(108,16,'Carlos López','DNI','23456789','987654326','987654327','','carlos.lopez@example.com',NULL,'Sin Contactar',NULL,NULL,NULL,0,NULL,NULL,NULL,NULL,NULL),(109,16,'Marta Ramírez','DNI','34567890','987654328','987654329','987654330','marta.ramirez@example.com',NULL,'Sin Contactar',NULL,NULL,NULL,0,NULL,NULL,NULL,NULL,NULL),(110,16,'Lucía Martínez','DNI','45678901','987654331','','987654332','lucia.martinez@example.com',NULL,'Sin Contactar',NULL,NULL,NULL,0,NULL,NULL,NULL,NULL,NULL),(111,16,'Juan Pérez','DNI','12345678','987654321','987654322','987654323','juan.perez@example.com',NULL,'Sin Contactar',NULL,NULL,NULL,0,NULL,NULL,NULL,NULL,NULL),(112,16,'Ana Gómez','Pasaporte','87654321','987654324','','987654325','ana.gomez@example.com',NULL,'Sin Contactar',NULL,NULL,NULL,0,NULL,NULL,NULL,NULL,NULL),(113,16,'Carlos López','DNI','23456789','987654326','987654327','','carlos.lopez@example.com',NULL,'Sin Contactar',NULL,NULL,NULL,0,NULL,NULL,NULL,NULL,NULL),(114,16,'Marta Ramírez','DNI','34567890','987654328','987654329','987654330','marta.ramirez@example.com',NULL,'Sin Contactar',NULL,NULL,NULL,0,NULL,NULL,NULL,NULL,NULL),(115,16,'Lucía Martínez','DNI','45678901','987654331','','987654332','lucia.martinez@example.com',NULL,'Sin Contactar',NULL,NULL,NULL,0,NULL,NULL,NULL,NULL,NULL),(116,16,'Juan Pérez','DNI','12345678','987654321','987654322','987654323','juan.perez@example.com',NULL,'Sin Contactar',NULL,NULL,NULL,0,NULL,NULL,NULL,NULL,NULL),(117,16,'Ana Gómez','Pasaporte','87654321','987654324','','987654325','ana.gomez@example.com',NULL,'Sin Contactar',NULL,NULL,NULL,0,NULL,NULL,NULL,NULL,NULL),(118,16,'Carlos López','DNI','23456789','987654326','987654327','','carlos.lopez@example.com',NULL,'Sin Contactar',NULL,NULL,NULL,0,NULL,NULL,NULL,NULL,NULL),(119,16,'Marta Ramírez','DNI','34567890','987654328','987654329','987654330','marta.ramirez@example.com',NULL,'Sin Contactar',NULL,NULL,NULL,0,NULL,NULL,NULL,NULL,NULL),(120,16,'Lucía Martínez','DNI','45678901','987654331','','987654332','lucia.martinez@example.com',NULL,'Sin Contactar',NULL,NULL,NULL,0,NULL,NULL,NULL,NULL,NULL),(121,16,'Juan Pérez','DNI','12345678','987654321','987654322','987654323','juan.perez@example.com',NULL,'Sin Contactar',NULL,NULL,NULL,0,NULL,NULL,NULL,NULL,NULL),(122,16,'Ana Gómez','Pasaporte','87654321','987654324','','987654325','ana.gomez@example.com',NULL,'Sin Contactar',NULL,NULL,NULL,0,NULL,NULL,NULL,NULL,NULL),(123,16,'Carlos López','DNI','23456789','987654326','987654327','','carlos.lopez@example.com',NULL,'Sin Contactar',NULL,NULL,NULL,0,NULL,NULL,NULL,NULL,NULL),(124,16,'Marta Ramírez','DNI','34567890','987654328','987654329','987654330','marta.ramirez@example.com',NULL,'Sin Contactar',NULL,NULL,NULL,0,NULL,NULL,NULL,NULL,NULL),(125,16,'Lucía Martínez','DNI','45678901','987654331','','987654332','lucia.martinez@example.com',NULL,'Sin Contactar',NULL,NULL,NULL,0,NULL,NULL,NULL,NULL,NULL),(126,16,'Juan Pérez','DNI','12345678','987654321','987654322','987654323','juan.perez@example.com',NULL,'Sin Contactar',NULL,NULL,NULL,0,NULL,NULL,NULL,NULL,NULL),(127,16,'Ana Gómez','Pasaporte','87654321','987654324','','987654325','ana.gomez@example.com',NULL,'Sin Contactar',NULL,NULL,NULL,0,NULL,NULL,NULL,NULL,NULL),(128,16,'Carlos López','DNI','23456789','987654326','987654327','','carlos.lopez@example.com',NULL,'Sin Contactar',NULL,NULL,NULL,0,NULL,NULL,NULL,NULL,NULL),(129,16,'Marta Ramírez','DNI','34567890','987654328','987654329','987654330','marta.ramirez@example.com',NULL,'Sin Contactar',NULL,NULL,NULL,0,NULL,NULL,NULL,NULL,NULL),(130,16,'Lucía Martínez','DNI','45678901','987654331','','987654332','lucia.martinez@example.com',NULL,'Sin Contactar',NULL,NULL,NULL,0,NULL,NULL,NULL,NULL,NULL),(131,16,'Juan Pérez','DNI','12345678','987654321','987654322','987654323','juan.perez@example.com',NULL,'Sin Contactar',NULL,NULL,NULL,0,NULL,NULL,NULL,NULL,NULL),(132,16,'Ana Gómez','Pasaporte','87654321','987654324','','987654325','ana.gomez@example.com',NULL,'Sin Contactar',NULL,NULL,NULL,0,NULL,NULL,NULL,NULL,NULL),(133,16,'Carlos López','DNI','23456789','987654326','987654327','','carlos.lopez@example.com',NULL,'Sin Contactar',NULL,NULL,NULL,0,NULL,NULL,NULL,NULL,NULL),(134,16,'Marta Ramírez','DNI','34567890','987654328','987654329','987654330','marta.ramirez@example.com',NULL,'Sin Contactar',NULL,NULL,NULL,0,NULL,NULL,NULL,NULL,NULL),(135,16,'Lucía Martínez','DNI','45678901','987654331','','987654332','lucia.martinez@example.com',NULL,'Sin Contactar',NULL,NULL,NULL,0,NULL,NULL,NULL,NULL,NULL),(136,16,'Juan Pérez','DNI','12345678','987654321','987654322','987654323','juan.perez@example.com',NULL,'Sin Contactar',NULL,NULL,NULL,0,NULL,NULL,NULL,NULL,NULL),(137,16,'Ana Gómez','Pasaporte','87654321','987654324','','987654325','ana.gomez@example.com',NULL,'Sin Contactar',NULL,NULL,NULL,0,NULL,NULL,NULL,NULL,NULL),(138,16,'Carlos López','DNI','23456789','987654326','987654327','','carlos.lopez@example.com',NULL,'Sin Contactar',NULL,NULL,NULL,0,NULL,NULL,NULL,NULL,NULL),(139,16,'Marta Ramírez','DNI','34567890','987654328','987654329','987654330','marta.ramirez@example.com',NULL,'Sin Contactar',NULL,NULL,NULL,0,NULL,NULL,NULL,NULL,NULL),(140,16,'Lucía Martínez','DNI','45678901','987654331','','987654332','lucia.martinez@example.com',NULL,'Sin Contactar',NULL,NULL,NULL,0,NULL,NULL,NULL,NULL,NULL),(141,16,'Juan Pérez','DNI','12345678','987654321','987654322','987654323','juan.perez@example.com',NULL,'Sin Contactar',NULL,NULL,NULL,0,NULL,NULL,NULL,NULL,NULL),(142,16,'Ana Gómez','Pasaporte','87654321','987654324','','987654325','ana.gomez@example.com',NULL,'Sin Contactar',NULL,NULL,NULL,0,NULL,NULL,NULL,NULL,NULL),(143,16,'Carlos López','DNI','23456789','987654326','987654327','','carlos.lopez@example.com',NULL,'Sin Contactar',NULL,NULL,NULL,0,NULL,NULL,NULL,NULL,NULL),(144,16,'Marta Ramírez','DNI','34567890','987654328','987654329','987654330','marta.ramirez@example.com',NULL,'Sin Contactar',NULL,NULL,NULL,0,NULL,NULL,NULL,NULL,NULL),(145,16,'Lucía Martínez','DNI','45678901','987654331','','987654332','lucia.martinez@example.com',NULL,'Sin Contactar',NULL,NULL,NULL,0,NULL,NULL,NULL,NULL,NULL),(146,17,'Juan Pérez','DNI','12345678','987654321','987654322','987654323','juan.perez@example.com',NULL,'Sin Contactar',NULL,NULL,NULL,0,NULL,NULL,NULL,NULL,NULL),(147,17,'Ana Gómez','Pasaporte','87654321','987654324','','987654325','ana.gomez@example.com',NULL,'Sin Contactar',NULL,NULL,NULL,0,NULL,NULL,NULL,NULL,NULL),(148,17,'Carlos López','DNI','23456789','987654326','987654327','','carlos.lopez@example.com',NULL,'Sin Contactar',NULL,NULL,NULL,0,NULL,NULL,NULL,NULL,NULL),(149,17,'Marta Ramírez','DNI','34567890','987654328','987654329','987654330','marta.ramirez@example.com',NULL,'Sin Contactar',NULL,NULL,NULL,0,NULL,NULL,NULL,NULL,NULL),(150,17,'Lucía Martínez','DNI','45678901','987654331','','987654332','lucia.martinez@example.com',NULL,'Sin Contactar',NULL,NULL,NULL,0,NULL,NULL,NULL,NULL,NULL),(151,17,'Juan Pérez','DNI','12345678','987654321','987654322','987654323','juan.perez@example.com',NULL,'Sin Contactar',NULL,NULL,NULL,0,NULL,NULL,NULL,NULL,NULL),(152,17,'Ana Gómez','Pasaporte','87654321','987654324','','987654325','ana.gomez@example.com',NULL,'Sin Contactar',NULL,NULL,NULL,0,NULL,NULL,NULL,NULL,NULL),(153,17,'Carlos López','DNI','23456789','987654326','987654327','','carlos.lopez@example.com',NULL,'Sin Contactar',NULL,NULL,NULL,0,NULL,NULL,NULL,NULL,NULL),(154,17,'Marta Ramírez','DNI','34567890','987654328','987654329','987654330','marta.ramirez@example.com',NULL,'Sin Contactar',NULL,NULL,NULL,0,NULL,NULL,NULL,NULL,NULL),(155,17,'Lucía Martínez','DNI','45678901','987654331','','987654332','lucia.martinez@example.com',NULL,'Sin Contactar',NULL,NULL,NULL,0,NULL,NULL,NULL,NULL,NULL),(156,17,'Juan Pérez','DNI','12345678','987654321','987654322','987654323','juan.perez@example.com',NULL,'Sin Contactar',NULL,NULL,NULL,0,NULL,NULL,NULL,NULL,NULL),(157,17,'Ana Gómez','Pasaporte','87654321','987654324','','987654325','ana.gomez@example.com',NULL,'Sin Contactar',NULL,NULL,NULL,0,NULL,NULL,NULL,NULL,NULL),(158,17,'Carlos López','DNI','23456789','987654326','987654327','','carlos.lopez@example.com',NULL,'Sin Contactar',NULL,NULL,NULL,0,NULL,NULL,NULL,NULL,NULL),(159,17,'Marta Ramírez','DNI','34567890','987654328','987654329','987654330','marta.ramirez@example.com',NULL,'Sin Contactar',NULL,NULL,NULL,0,NULL,NULL,NULL,NULL,NULL),(160,17,'Lucía Martínez','DNI','45678901','987654331','','987654332','lucia.martinez@example.com',NULL,'Sin Contactar',NULL,NULL,NULL,0,NULL,NULL,NULL,NULL,NULL),(161,17,'Juan Pérez','DNI','12345678','987654321','987654322','987654323','juan.perez@example.com',NULL,'Sin Contactar',NULL,NULL,NULL,0,NULL,NULL,NULL,NULL,NULL),(162,17,'Ana Gómez','Pasaporte','87654321','987654324','','987654325','ana.gomez@example.com',NULL,'Sin Contactar',NULL,NULL,NULL,0,NULL,NULL,NULL,NULL,NULL),(163,17,'Carlos López','DNI','23456789','987654326','987654327','','carlos.lopez@example.com',NULL,'Sin Contactar',NULL,NULL,NULL,0,NULL,NULL,NULL,NULL,NULL),(164,17,'Marta Ramírez','DNI','34567890','987654328','987654329','987654330','marta.ramirez@example.com',NULL,'Sin Contactar',NULL,NULL,NULL,0,NULL,NULL,NULL,NULL,NULL),(165,17,'Lucía Martínez','DNI','45678901','987654331','','987654332','lucia.martinez@example.com',NULL,'Sin Contactar',NULL,NULL,NULL,0,NULL,NULL,NULL,NULL,NULL),(166,17,'Juan Pérez','DNI','12345678','987654321','987654322','987654323','juan.perez@example.com',NULL,'Sin Contactar',NULL,NULL,NULL,0,NULL,NULL,NULL,NULL,NULL),(167,17,'Ana Gómez','Pasaporte','87654321','987654324','','987654325','ana.gomez@example.com',NULL,'Sin Contactar',NULL,NULL,NULL,0,NULL,NULL,NULL,NULL,NULL),(168,17,'Carlos López','DNI','23456789','987654326','987654327','','carlos.lopez@example.com',NULL,'Sin Contactar',NULL,NULL,NULL,0,NULL,NULL,NULL,NULL,NULL),(169,17,'Marta Ramírez','DNI','34567890','987654328','987654329','987654330','marta.ramirez@example.com',NULL,'Sin Contactar',NULL,NULL,NULL,0,NULL,NULL,NULL,NULL,NULL),(170,17,'Lucía Martínez','DNI','45678901','987654331','','987654332','lucia.martinez@example.com',NULL,'Sin Contactar',NULL,NULL,NULL,0,NULL,NULL,NULL,NULL,NULL),(171,17,'Juan Pérez','DNI','12345678','987654321','987654322','987654323','juan.perez@example.com',NULL,'Sin Contactar',NULL,NULL,NULL,0,NULL,NULL,NULL,NULL,NULL),(172,17,'Ana Gómez','Pasaporte','87654321','987654324','','987654325','ana.gomez@example.com',NULL,'Sin Contactar',NULL,NULL,NULL,0,NULL,NULL,NULL,NULL,NULL),(173,17,'Carlos López','DNI','23456789','987654326','987654327','','carlos.lopez@example.com',NULL,'Sin Contactar',NULL,NULL,NULL,0,NULL,NULL,NULL,NULL,NULL),(174,17,'Marta Ramírez','DNI','34567890','987654328','987654329','987654330','marta.ramirez@example.com',NULL,'Sin Contactar',NULL,NULL,NULL,0,NULL,NULL,NULL,NULL,NULL),(175,17,'Lucía Martínez','DNI','45678901','987654331','','987654332','lucia.martinez@example.com',NULL,'Sin Contactar',NULL,NULL,NULL,0,NULL,NULL,NULL,NULL,NULL),(176,17,'Juan Pérez','DNI','12345678','987654321','987654322','987654323','juan.perez@example.com',NULL,'Sin Contactar',NULL,NULL,NULL,0,NULL,NULL,NULL,NULL,NULL),(177,17,'Ana Gómez','Pasaporte','87654321','987654324','','987654325','ana.gomez@example.com',NULL,'Sin Contactar',NULL,NULL,NULL,0,NULL,NULL,NULL,NULL,NULL),(178,17,'Carlos López','DNI','23456789','987654326','987654327','','carlos.lopez@example.com',NULL,'Sin Contactar',NULL,NULL,NULL,0,NULL,NULL,NULL,NULL,NULL),(179,17,'Marta Ramírez','DNI','34567890','987654328','987654329','987654330','marta.ramirez@example.com',NULL,'Sin Contactar',NULL,NULL,NULL,0,NULL,NULL,NULL,NULL,NULL),(180,17,'Lucía Martínez','DNI','45678901','987654331','','987654332','lucia.martinez@example.com',NULL,'Sin Contactar',NULL,NULL,NULL,0,NULL,NULL,NULL,NULL,NULL),(181,17,'Juan Pérez','DNI','12345678','987654321','987654322','987654323','juan.perez@example.com',NULL,'Sin Contactar',NULL,NULL,NULL,0,NULL,NULL,NULL,NULL,NULL),(182,17,'Ana Gómez','Pasaporte','87654321','987654324','','987654325','ana.gomez@example.com',NULL,'Sin Contactar',NULL,NULL,NULL,0,NULL,NULL,NULL,NULL,NULL),(183,17,'Carlos López','DNI','23456789','987654326','987654327','','carlos.lopez@example.com',NULL,'Sin Contactar',NULL,NULL,NULL,0,NULL,NULL,NULL,NULL,NULL),(184,17,'Marta Ramírez','DNI','34567890','987654328','987654329','987654330','marta.ramirez@example.com',NULL,'Sin Contactar',NULL,NULL,NULL,0,NULL,NULL,NULL,NULL,NULL),(185,17,'Lucía Martínez','DNI','45678901','987654331','','987654332','lucia.martinez@example.com',NULL,'Sin Contactar',NULL,NULL,NULL,0,NULL,NULL,NULL,NULL,NULL),(186,17,'Juan Pérez','DNI','12345678','987654321','987654322','987654323','juan.perez@example.com',NULL,'Sin Contactar',NULL,NULL,NULL,0,NULL,NULL,NULL,NULL,NULL),(187,17,'Ana Gómez','Pasaporte','87654321','987654324','','987654325','ana.gomez@example.com',NULL,'Sin Contactar',NULL,NULL,NULL,0,NULL,NULL,NULL,NULL,NULL),(188,17,'Carlos López','DNI','23456789','987654326','987654327','','carlos.lopez@example.com',NULL,'Sin Contactar',NULL,NULL,NULL,0,NULL,NULL,NULL,NULL,NULL),(189,17,'Marta Ramírez','DNI','34567890','987654328','987654329','987654330','marta.ramirez@example.com',NULL,'Sin Contactar',NULL,NULL,NULL,0,NULL,NULL,NULL,NULL,NULL),(190,17,'Lucía Martínez','DNI','45678901','987654331','','987654332','lucia.martinez@example.com',NULL,'Sin Contactar',NULL,NULL,NULL,0,NULL,NULL,NULL,NULL,NULL),(191,17,'Juan Pérez','DNI','12345678','987654321','987654322','987654323','juan.perez@example.com',NULL,'Sin Contactar',NULL,NULL,NULL,0,NULL,NULL,NULL,NULL,NULL),(192,17,'Ana Gómez','Pasaporte','87654321','987654324','','987654325','ana.gomez@example.com',NULL,'Sin Contactar',NULL,NULL,NULL,0,NULL,NULL,NULL,NULL,NULL),(193,17,'Carlos López','DNI','23456789','987654326','987654327','','carlos.lopez@example.com',NULL,'Sin Contactar',NULL,NULL,NULL,0,NULL,NULL,NULL,NULL,NULL),(194,17,'Marta Ramírez','DNI','34567890','987654328','987654329','987654330','marta.ramirez@example.com',NULL,'Sin Contactar',NULL,NULL,NULL,0,NULL,NULL,NULL,NULL,NULL),(195,17,'Lucía Martínez','DNI','45678901','987654331','','987654332','lucia.martinez@example.com',NULL,'Sin Contactar',NULL,NULL,NULL,0,NULL,NULL,NULL,NULL,NULL),(196,17,'Juan Pérez','DNI','12345678','987654321','987654322','987654323','juan.perez@example.com',NULL,'Sin Contactar',NULL,NULL,NULL,0,NULL,NULL,NULL,NULL,NULL),(197,17,'Ana Gómez','Pasaporte','87654321','987654324','','987654325','ana.gomez@example.com',NULL,'Sin Contactar',NULL,NULL,NULL,0,NULL,NULL,NULL,NULL,NULL),(198,17,'Carlos López','DNI','23456789','987654326','987654327','','carlos.lopez@example.com',NULL,'Sin Contactar',NULL,NULL,NULL,0,NULL,NULL,NULL,NULL,NULL),(199,17,'Marta Ramírez','DNI','34567890','987654328','987654329','987654330','marta.ramirez@example.com',NULL,'Sin Contactar',NULL,NULL,NULL,0,NULL,NULL,NULL,NULL,NULL),(200,17,'Lucía Martínez','DNI','45678901','987654331','','987654332','lucia.martinez@example.com',NULL,'Sin Contactar',NULL,NULL,NULL,0,NULL,NULL,NULL,NULL,NULL),(201,17,'Juan Pérez','DNI','12345678','987654321','987654322','987654323','juan.perez@example.com',NULL,'Sin Contactar',NULL,NULL,NULL,0,NULL,NULL,NULL,NULL,NULL),(202,17,'Ana Gómez','Pasaporte','87654321','987654324','','987654325','ana.gomez@example.com',NULL,'Sin Contactar',NULL,NULL,NULL,0,NULL,NULL,NULL,NULL,NULL),(203,17,'Carlos López','DNI','23456789','987654326','987654327','','carlos.lopez@example.com',NULL,'Sin Contactar',NULL,NULL,NULL,0,NULL,NULL,NULL,NULL,NULL),(204,17,'Marta Ramírez','DNI','34567890','987654328','987654329','987654330','marta.ramirez@example.com',NULL,'Sin Contactar',NULL,NULL,NULL,0,NULL,NULL,NULL,NULL,NULL),(205,17,'Lucía Martínez','DNI','45678901','987654331','','987654332','lucia.martinez@example.com',NULL,'Sin Contactar',NULL,NULL,NULL,0,NULL,NULL,NULL,NULL,NULL),(206,17,'Juan Pérez','DNI','12345678','987654321','987654322','987654323','juan.perez@example.com',NULL,'Sin Contactar',NULL,NULL,NULL,0,NULL,NULL,NULL,NULL,NULL),(207,17,'Ana Gómez','Pasaporte','87654321','987654324','','987654325','ana.gomez@example.com',NULL,'Sin Contactar',NULL,NULL,NULL,0,NULL,NULL,NULL,NULL,NULL),(208,17,'Carlos López','DNI','23456789','987654326','987654327','','carlos.lopez@example.com',NULL,'Sin Contactar',NULL,NULL,NULL,0,NULL,NULL,NULL,NULL,NULL),(209,17,'Marta Ramírez','DNI','34567890','987654328','987654329','987654330','marta.ramirez@example.com',NULL,'Sin Contactar',NULL,NULL,NULL,0,NULL,NULL,NULL,NULL,NULL),(210,17,'Lucía Martínez','DNI','45678901','987654331','','987654332','lucia.martinez@example.com',NULL,'Sin Contactar',NULL,NULL,NULL,0,NULL,NULL,NULL,NULL,NULL),(211,17,'Juan Pérez','DNI','12345678','987654321','987654322','987654323','juan.perez@example.com',NULL,'Sin Contactar',NULL,NULL,NULL,0,NULL,NULL,NULL,NULL,NULL),(212,17,'Ana Gómez','Pasaporte','87654321','987654324','','987654325','ana.gomez@example.com',NULL,'Sin Contactar',NULL,NULL,NULL,0,NULL,NULL,NULL,NULL,NULL),(213,17,'Carlos López','DNI','23456789','987654326','987654327','','carlos.lopez@example.com',NULL,'Sin Contactar',NULL,NULL,NULL,0,NULL,NULL,NULL,NULL,NULL),(214,17,'Marta Ramírez','DNI','34567890','987654328','987654329','987654330','marta.ramirez@example.com',NULL,'Sin Contactar',NULL,NULL,NULL,0,NULL,NULL,NULL,NULL,NULL),(215,17,'Lucía Martínez','DNI','45678901','987654331','','987654332','lucia.martinez@example.com',NULL,'Sin Contactar',NULL,NULL,NULL,0,NULL,NULL,NULL,NULL,NULL),(216,17,'Juan Pérez','DNI','12345678','987654321','987654322','987654323','juan.perez@example.com',NULL,'Sin Contactar',NULL,NULL,NULL,0,NULL,NULL,NULL,NULL,NULL),(217,17,'Ana Gómez','Pasaporte','87654321','987654324','','987654325','ana.gomez@example.com',NULL,'Sin Contactar',NULL,NULL,NULL,0,NULL,NULL,NULL,NULL,NULL),(218,17,'Carlos López','DNI','23456789','987654326','987654327','','carlos.lopez@example.com',NULL,'Sin Contactar',NULL,NULL,NULL,0,NULL,NULL,NULL,NULL,NULL),(219,17,'Marta Ramírez','DNI','34567890','987654328','987654329','987654330','marta.ramirez@example.com',NULL,'Sin Contactar',NULL,NULL,NULL,0,NULL,NULL,NULL,NULL,NULL),(220,17,'Lucía Martínez','DNI','45678901','987654331','','987654332','lucia.martinez@example.com',NULL,'Sin Contactar',NULL,NULL,NULL,0,NULL,NULL,NULL,NULL,NULL),(221,17,'Juan Pérez','DNI','12345678','987654321','987654322','987654323','juan.perez@example.com',NULL,'Sin Contactar',NULL,NULL,NULL,0,NULL,NULL,NULL,NULL,NULL),(222,17,'Ana Gómez','Pasaporte','87654321','987654324','','987654325','ana.gomez@example.com',NULL,'Sin Contactar',NULL,NULL,NULL,0,NULL,NULL,NULL,NULL,NULL),(223,17,'Carlos López','DNI','23456789','987654326','987654327','','carlos.lopez@example.com',NULL,'Sin Contactar',NULL,NULL,NULL,0,NULL,NULL,NULL,NULL,NULL),(224,17,'Marta Ramírez','DNI','34567890','987654328','987654329','987654330','marta.ramirez@example.com',NULL,'Sin Contactar',NULL,NULL,NULL,0,NULL,NULL,NULL,NULL,NULL),(225,17,'Lucía Martínez','DNI','45678901','987654331','','987654332','lucia.martinez@example.com',NULL,'Sin Contactar',NULL,NULL,NULL,0,NULL,NULL,NULL,NULL,NULL),(226,17,'Juan Pérez','DNI','12345678','987654321','987654322','987654323','juan.perez@example.com',NULL,'Sin Contactar',NULL,NULL,NULL,0,NULL,NULL,NULL,NULL,NULL),(227,17,'Ana Gómez','Pasaporte','87654321','987654324','','987654325','ana.gomez@example.com',NULL,'Sin Contactar',NULL,NULL,NULL,0,NULL,NULL,NULL,NULL,NULL),(228,17,'Carlos López','DNI','23456789','987654326','987654327','','carlos.lopez@example.com',NULL,'Sin Contactar',NULL,NULL,NULL,0,NULL,NULL,NULL,NULL,NULL),(229,17,'Marta Ramírez','DNI','34567890','987654328','987654329','987654330','marta.ramirez@example.com',NULL,'Sin Contactar',NULL,NULL,NULL,0,NULL,NULL,NULL,NULL,NULL),(230,17,'Lucía Martínez','DNI','45678901','987654331','','987654332','lucia.martinez@example.com',NULL,'Sin Contactar',NULL,NULL,NULL,0,NULL,NULL,NULL,NULL,NULL),(231,17,'Juan Pérez','DNI','12345678','987654321','987654322','987654323','juan.perez@example.com',NULL,'Sin Contactar',NULL,NULL,NULL,0,NULL,NULL,NULL,NULL,NULL),(232,17,'Ana Gómez','Pasaporte','87654321','987654324','','987654325','ana.gomez@example.com',NULL,'Sin Contactar',NULL,NULL,NULL,0,NULL,NULL,NULL,NULL,NULL),(233,17,'Carlos López','DNI','23456789','987654326','987654327','','carlos.lopez@example.com',NULL,'Sin Contactar',NULL,NULL,NULL,0,NULL,NULL,NULL,NULL,NULL),(234,17,'Marta Ramírez','DNI','34567890','987654328','987654329','987654330','marta.ramirez@example.com',NULL,'Sin Contactar',NULL,NULL,NULL,0,NULL,NULL,NULL,NULL,NULL),(235,17,'Lucía Martínez','DNI','45678901','987654331','','987654332','lucia.martinez@example.com',NULL,'Sin Contactar',NULL,NULL,NULL,0,NULL,NULL,NULL,NULL,NULL),(236,17,'Juan Pérez','DNI','12345678','987654321','987654322','987654323','juan.perez@example.com',NULL,'Sin Contactar',NULL,NULL,NULL,0,NULL,NULL,NULL,NULL,NULL),(237,17,'Ana Gómez','Pasaporte','87654321','987654324','','987654325','ana.gomez@example.com',NULL,'Sin Contactar',NULL,NULL,NULL,0,NULL,NULL,NULL,NULL,NULL),(238,17,'Carlos López','DNI','23456789','987654326','987654327','','carlos.lopez@example.com',NULL,'Sin Contactar',NULL,NULL,NULL,0,NULL,NULL,NULL,NULL,NULL),(239,17,'Marta Ramírez','DNI','34567890','987654328','987654329','987654330','marta.ramirez@example.com',NULL,'Sin Contactar',NULL,NULL,NULL,0,NULL,NULL,NULL,NULL,NULL),(240,17,'Lucía Martínez','DNI','45678901','987654331','','987654332','lucia.martinez@example.com',NULL,'Sin Contactar',NULL,NULL,NULL,0,NULL,NULL,NULL,NULL,NULL),(241,17,'Juan Pérez','DNI','12345678','987654321','987654322','987654323','juan.perez@example.com',NULL,'Sin Contactar',NULL,NULL,NULL,0,NULL,NULL,NULL,NULL,NULL),(242,17,'Ana Gómez','Pasaporte','87654321','987654324','','987654325','ana.gomez@example.com',NULL,'Sin Contactar',NULL,NULL,NULL,0,NULL,NULL,NULL,NULL,NULL),(243,17,'Carlos López','DNI','23456789','987654326','987654327','','carlos.lopez@example.com',NULL,'Sin Contactar',NULL,NULL,NULL,0,NULL,NULL,NULL,NULL,NULL),(244,17,'Marta Ramírez','DNI','34567890','987654328','987654329','987654330','marta.ramirez@example.com',NULL,'Sin Contactar',NULL,NULL,NULL,0,NULL,NULL,NULL,NULL,NULL),(245,17,'Lucía Martínez','DNI','45678901','987654331','','987654332','lucia.martinez@example.com',NULL,'Sin Contactar',NULL,NULL,NULL,0,NULL,NULL,NULL,NULL,NULL),(246,20,'Juan Pérez','DNI','12345678','987654321','987654322','987654323','juan.perez@example.com',NULL,'Sin Contactar',NULL,NULL,NULL,0,NULL,NULL,NULL,NULL,NULL),(247,20,'Ana Gómez','Pasaporte','87654321','987654324','','987654325','ana.gomez@example.com',NULL,'Sin Contactar',NULL,NULL,NULL,0,NULL,NULL,NULL,NULL,NULL),(248,20,'Carlos López','DNI','23456789','987654326','987654327','','carlos.lopez@example.com',NULL,'Sin Contactar',NULL,NULL,NULL,0,NULL,NULL,NULL,NULL,NULL),(249,20,'Marta Ramírez','DNI','34567890','987654328','987654329','987654330','marta.ramirez@example.com',NULL,'Sin Contactar',NULL,NULL,NULL,0,NULL,NULL,NULL,NULL,NULL),(250,20,'Lucía Martínez','DNI','45678901','987654331','','987654332','lucia.martinez@example.com',NULL,'Sin Contactar',NULL,NULL,NULL,0,NULL,NULL,NULL,NULL,NULL),(251,20,'Juan Pérez','DNI','12345678','987654321','987654322','987654323','juan.perez@example.com',NULL,'Sin Contactar',NULL,NULL,NULL,0,NULL,NULL,NULL,NULL,NULL),(252,20,'Ana Gómez','Pasaporte','87654321','987654324','','987654325','ana.gomez@example.com',NULL,'Sin Contactar',NULL,NULL,NULL,0,NULL,NULL,NULL,NULL,NULL),(253,20,'Carlos López','DNI','23456789','987654326','987654327','','carlos.lopez@example.com',NULL,'Sin Contactar',NULL,NULL,NULL,0,NULL,NULL,NULL,NULL,NULL),(254,20,'Marta Ramírez','DNI','34567890','987654328','987654329','987654330','marta.ramirez@example.com',NULL,'Sin Contactar',NULL,NULL,NULL,0,NULL,NULL,NULL,NULL,NULL),(255,20,'Lucía Martínez','DNI','45678901','987654331','','987654332','lucia.martinez@example.com',NULL,'Sin Contactar',NULL,NULL,NULL,0,NULL,NULL,NULL,NULL,NULL),(256,20,'Juan Pérez','DNI','12345678','987654321','987654322','987654323','juan.perez@example.com',NULL,'Sin Contactar',NULL,NULL,NULL,0,NULL,NULL,NULL,NULL,NULL),(257,20,'Ana Gómez','Pasaporte','87654321','987654324','','987654325','ana.gomez@example.com',NULL,'Sin Contactar',NULL,NULL,NULL,0,NULL,NULL,NULL,NULL,NULL),(258,20,'Carlos López','DNI','23456789','987654326','987654327','','carlos.lopez@example.com',NULL,'Sin Contactar',NULL,NULL,NULL,0,NULL,NULL,NULL,NULL,NULL),(259,20,'Marta Ramírez','DNI','34567890','987654328','987654329','987654330','marta.ramirez@example.com',NULL,'Sin Contactar',NULL,NULL,NULL,0,NULL,NULL,NULL,NULL,NULL),(260,20,'Lucía Martínez','DNI','45678901','987654331','','987654332','lucia.martinez@example.com',NULL,'Sin Contactar',NULL,NULL,NULL,0,NULL,NULL,NULL,NULL,NULL),(261,20,'Juan Pérez','DNI','12345678','987654321','987654322','987654323','juan.perez@example.com',NULL,'Sin Contactar',NULL,NULL,NULL,0,NULL,NULL,NULL,NULL,NULL),(262,20,'Ana Gómez','Pasaporte','87654321','987654324','','987654325','ana.gomez@example.com',NULL,'Sin Contactar',NULL,NULL,NULL,0,NULL,NULL,NULL,NULL,NULL),(263,20,'Carlos López','DNI','23456789','987654326','987654327','','carlos.lopez@example.com',NULL,'Sin Contactar',NULL,NULL,NULL,0,NULL,NULL,NULL,NULL,NULL),(264,20,'Marta Ramírez','DNI','34567890','987654328','987654329','987654330','marta.ramirez@example.com',NULL,'Sin Contactar',NULL,NULL,NULL,0,NULL,NULL,NULL,NULL,NULL),(265,20,'Lucía Martínez','DNI','45678901','987654331','','987654332','lucia.martinez@example.com',NULL,'Sin Contactar',NULL,NULL,NULL,0,NULL,NULL,NULL,NULL,NULL),(266,20,'Juan Pérez','DNI','12345678','987654321','987654322','987654323','juan.perez@example.com',NULL,'Sin Contactar',NULL,NULL,NULL,0,NULL,NULL,NULL,NULL,NULL),(267,20,'Ana Gómez','Pasaporte','87654321','987654324','','987654325','ana.gomez@example.com',NULL,'Sin Contactar',NULL,NULL,NULL,0,NULL,NULL,NULL,NULL,NULL),(268,20,'Carlos López','DNI','23456789','987654326','987654327','','carlos.lopez@example.com',NULL,'Sin Contactar',NULL,NULL,NULL,0,NULL,NULL,NULL,NULL,NULL),(269,20,'Marta Ramírez','DNI','34567890','987654328','987654329','987654330','marta.ramirez@example.com',NULL,'Sin Contactar',NULL,NULL,NULL,0,NULL,NULL,NULL,NULL,NULL),(270,20,'Lucía Martínez','DNI','45678901','987654331','','987654332','lucia.martinez@example.com',NULL,'Sin Contactar',NULL,NULL,NULL,0,NULL,NULL,NULL,NULL,NULL),(271,20,'Juan Pérez','DNI','12345678','987654321','987654322','987654323','juan.perez@example.com',NULL,'Sin Contactar',NULL,NULL,NULL,0,NULL,NULL,NULL,NULL,NULL),(272,20,'Ana Gómez','Pasaporte','87654321','987654324','','987654325','ana.gomez@example.com',NULL,'Sin Contactar',NULL,NULL,NULL,0,NULL,NULL,NULL,NULL,NULL),(273,20,'Carlos López','DNI','23456789','987654326','987654327','','carlos.lopez@example.com',NULL,'Sin Contactar',NULL,NULL,NULL,0,NULL,NULL,NULL,NULL,NULL),(274,20,'Marta Ramírez','DNI','34567890','987654328','987654329','987654330','marta.ramirez@example.com',NULL,'Sin Contactar',NULL,NULL,NULL,0,NULL,NULL,NULL,NULL,NULL),(275,20,'Lucía Martínez','DNI','45678901','987654331','','987654332','lucia.martinez@example.com',NULL,'Sin Contactar',NULL,NULL,NULL,0,NULL,NULL,NULL,NULL,NULL),(276,20,'Juan Pérez','DNI','12345678','987654321','987654322','987654323','juan.perez@example.com',NULL,'Sin Contactar',NULL,NULL,NULL,0,NULL,NULL,NULL,NULL,NULL),(277,20,'Ana Gómez','Pasaporte','87654321','987654324','','987654325','ana.gomez@example.com',NULL,'Sin Contactar',NULL,NULL,NULL,0,NULL,NULL,NULL,NULL,NULL),(278,20,'Carlos López','DNI','23456789','987654326','987654327','','carlos.lopez@example.com',NULL,'Sin Contactar',NULL,NULL,NULL,0,NULL,NULL,NULL,NULL,NULL),(279,20,'Marta Ramírez','DNI','34567890','987654328','987654329','987654330','marta.ramirez@example.com',NULL,'Sin Contactar',NULL,NULL,NULL,0,NULL,NULL,NULL,NULL,NULL),(280,20,'Lucía Martínez','DNI','45678901','987654331','','987654332','lucia.martinez@example.com',NULL,'Sin Contactar',NULL,NULL,NULL,0,NULL,NULL,NULL,NULL,NULL),(281,20,'Juan Pérez','DNI','12345678','987654321','987654322','987654323','juan.perez@example.com',NULL,'Sin Contactar',NULL,NULL,NULL,0,NULL,NULL,NULL,NULL,NULL),(282,20,'Ana Gómez','Pasaporte','87654321','987654324','','987654325','ana.gomez@example.com',NULL,'Sin Contactar',NULL,NULL,NULL,0,NULL,NULL,NULL,NULL,NULL),(283,20,'Carlos López','DNI','23456789','987654326','987654327','','carlos.lopez@example.com',NULL,'Sin Contactar',NULL,NULL,NULL,0,NULL,NULL,NULL,NULL,NULL),(284,20,'Marta Ramírez','DNI','34567890','987654328','987654329','987654330','marta.ramirez@example.com',NULL,'Sin Contactar',NULL,NULL,NULL,0,NULL,NULL,NULL,NULL,NULL),(285,20,'Lucía Martínez','DNI','45678901','987654331','','987654332','lucia.martinez@example.com',NULL,'Sin Contactar',NULL,NULL,NULL,0,NULL,NULL,NULL,NULL,NULL),(286,20,'Juan Pérez','DNI','12345678','987654321','987654322','987654323','juan.perez@example.com',NULL,'Sin Contactar',NULL,NULL,NULL,0,NULL,NULL,NULL,NULL,NULL),(287,20,'Ana Gómez','Pasaporte','87654321','987654324','','987654325','ana.gomez@example.com',NULL,'Sin Contactar',NULL,NULL,NULL,0,NULL,NULL,NULL,NULL,NULL),(288,20,'Carlos López','DNI','23456789','987654326','987654327','','carlos.lopez@example.com',NULL,'Sin Contactar',NULL,NULL,NULL,0,NULL,NULL,NULL,NULL,NULL),(289,20,'Marta Ramírez','DNI','34567890','987654328','987654329','987654330','marta.ramirez@example.com',NULL,'Sin Contactar',NULL,NULL,NULL,0,NULL,NULL,NULL,NULL,NULL),(290,20,'Lucía Martínez','DNI','45678901','987654331','','987654332','lucia.martinez@example.com',NULL,'Sin Contactar',NULL,NULL,NULL,0,NULL,NULL,NULL,NULL,NULL),(291,20,'Juan Pérez','DNI','12345678','987654321','987654322','987654323','juan.perez@example.com',NULL,'Sin Contactar',NULL,NULL,NULL,0,NULL,NULL,NULL,NULL,NULL),(292,20,'Ana Gómez','Pasaporte','87654321','987654324','','987654325','ana.gomez@example.com',NULL,'Sin Contactar',NULL,NULL,NULL,0,NULL,NULL,NULL,NULL,NULL),(293,20,'Carlos López','DNI','23456789','987654326','987654327','','carlos.lopez@example.com',NULL,'Sin Contactar',NULL,NULL,NULL,0,NULL,NULL,NULL,NULL,NULL),(294,20,'Marta Ramírez','DNI','34567890','987654328','987654329','987654330','marta.ramirez@example.com',NULL,'Sin Contactar',NULL,NULL,NULL,0,NULL,NULL,NULL,NULL,NULL),(295,20,'Lucía Martínez','DNI','45678901','987654331','','987654332','lucia.martinez@example.com',NULL,'Sin Contactar',NULL,NULL,NULL,0,NULL,NULL,NULL,NULL,NULL),(296,20,'Juan Pérez','DNI','12345678','987654321','987654322','987654323','juan.perez@example.com',NULL,'Sin Contactar',NULL,NULL,NULL,0,NULL,NULL,NULL,NULL,NULL),(297,20,'Ana Gómez','Pasaporte','87654321','987654324','','987654325','ana.gomez@example.com',NULL,'Sin Contactar',NULL,NULL,NULL,0,NULL,NULL,NULL,NULL,NULL),(298,20,'Carlos López','DNI','23456789','987654326','987654327','','carlos.lopez@example.com',NULL,'Sin Contactar',NULL,NULL,NULL,0,NULL,NULL,NULL,NULL,NULL),(299,20,'Marta Ramírez','DNI','34567890','987654328','987654329','987654330','marta.ramirez@example.com',NULL,'Sin Contactar',NULL,NULL,NULL,0,NULL,NULL,NULL,NULL,NULL),(300,20,'Lucía Martínez','DNI','45678901','987654331','','987654332','lucia.martinez@example.com',NULL,'Sin Contactar',NULL,NULL,NULL,0,NULL,NULL,NULL,NULL,NULL),(301,20,'Juan Pérez','DNI','12345678','987654321','987654322','987654323','juan.perez@example.com',NULL,'Sin Contactar',NULL,NULL,NULL,0,NULL,NULL,NULL,NULL,NULL),(302,20,'Ana Gómez','Pasaporte','87654321','987654324','','987654325','ana.gomez@example.com',NULL,'Sin Contactar',NULL,NULL,NULL,0,NULL,NULL,NULL,NULL,NULL),(303,20,'Carlos López','DNI','23456789','987654326','987654327','','carlos.lopez@example.com',NULL,'Sin Contactar',NULL,NULL,NULL,0,NULL,NULL,NULL,NULL,NULL),(304,20,'Marta Ramírez','DNI','34567890','987654328','987654329','987654330','marta.ramirez@example.com',NULL,'Sin Contactar',NULL,NULL,NULL,0,NULL,NULL,NULL,NULL,NULL),(305,20,'Lucía Martínez','DNI','45678901','987654331','','987654332','lucia.martinez@example.com',NULL,'Sin Contactar',NULL,NULL,NULL,0,NULL,NULL,NULL,NULL,NULL),(306,20,'Juan Pérez','DNI','12345678','987654321','987654322','987654323','juan.perez@example.com',NULL,'Sin Contactar',NULL,NULL,NULL,0,NULL,NULL,NULL,NULL,NULL),(307,20,'Ana Gómez','Pasaporte','87654321','987654324','','987654325','ana.gomez@example.com',NULL,'Sin Contactar',NULL,NULL,NULL,0,NULL,NULL,NULL,NULL,NULL),(308,20,'Carlos López','DNI','23456789','987654326','987654327','','carlos.lopez@example.com',NULL,'Sin Contactar',NULL,NULL,NULL,0,NULL,NULL,NULL,NULL,NULL),(309,20,'Marta Ramírez','DNI','34567890','987654328','987654329','987654330','marta.ramirez@example.com',NULL,'Sin Contactar',NULL,NULL,NULL,0,NULL,NULL,NULL,NULL,NULL),(310,20,'Lucía Martínez','DNI','45678901','987654331','','987654332','lucia.martinez@example.com',NULL,'Sin Contactar',NULL,NULL,NULL,0,NULL,NULL,NULL,NULL,NULL),(311,20,'Juan Pérez','DNI','12345678','987654321','987654322','987654323','juan.perez@example.com',NULL,'Sin Contactar',NULL,NULL,NULL,0,NULL,NULL,NULL,NULL,NULL),(312,20,'Ana Gómez','Pasaporte','87654321','987654324','','987654325','ana.gomez@example.com',NULL,'Sin Contactar',NULL,NULL,NULL,0,NULL,NULL,NULL,NULL,NULL),(313,20,'Carlos López','DNI','23456789','987654326','987654327','','carlos.lopez@example.com',NULL,'Sin Contactar',NULL,NULL,NULL,0,NULL,NULL,NULL,NULL,NULL),(314,20,'Marta Ramírez','DNI','34567890','987654328','987654329','987654330','marta.ramirez@example.com',NULL,'Sin Contactar',NULL,NULL,NULL,0,NULL,NULL,NULL,NULL,NULL),(315,20,'Lucía Martínez','DNI','45678901','987654331','','987654332','lucia.martinez@example.com',NULL,'Sin Contactar',NULL,NULL,NULL,0,NULL,NULL,NULL,NULL,NULL),(316,20,'Juan Pérez','DNI','12345678','987654321','987654322','987654323','juan.perez@example.com',NULL,'Sin Contactar',NULL,NULL,NULL,0,NULL,NULL,NULL,NULL,NULL),(317,20,'Ana Gómez','Pasaporte','87654321','987654324','','987654325','ana.gomez@example.com',NULL,'Sin Contactar',NULL,NULL,NULL,0,NULL,NULL,NULL,NULL,NULL),(318,20,'Carlos López','DNI','23456789','987654326','987654327','','carlos.lopez@example.com',NULL,'Sin Contactar',NULL,NULL,NULL,0,NULL,NULL,NULL,NULL,NULL),(319,20,'Marta Ramírez','DNI','34567890','987654328','987654329','987654330','marta.ramirez@example.com',NULL,'Sin Contactar',NULL,NULL,NULL,0,NULL,NULL,NULL,NULL,NULL),(320,20,'Lucía Martínez','DNI','45678901','987654331','','987654332','lucia.martinez@example.com',NULL,'Sin Contactar',NULL,NULL,NULL,0,NULL,NULL,NULL,NULL,NULL),(321,20,'Juan Pérez','DNI','12345678','987654321','987654322','987654323','juan.perez@example.com',NULL,'Sin Contactar',NULL,NULL,NULL,0,NULL,NULL,NULL,NULL,NULL),(322,20,'Ana Gómez','Pasaporte','87654321','987654324','','987654325','ana.gomez@example.com',NULL,'Sin Contactar',NULL,NULL,NULL,0,NULL,NULL,NULL,NULL,NULL),(323,20,'Carlos López','DNI','23456789','987654326','987654327','','carlos.lopez@example.com',NULL,'Sin Contactar',NULL,NULL,NULL,0,NULL,NULL,NULL,NULL,NULL),(324,20,'Marta Ramírez','DNI','34567890','987654328','987654329','987654330','marta.ramirez@example.com',NULL,'Sin Contactar',NULL,NULL,NULL,0,NULL,NULL,NULL,NULL,NULL),(325,20,'Lucía Martínez','DNI','45678901','987654331','','987654332','lucia.martinez@example.com',NULL,'Sin Contactar',NULL,NULL,NULL,0,NULL,NULL,NULL,NULL,NULL),(326,20,'Juan Pérez','DNI','12345678','987654321','987654322','987654323','juan.perez@example.com',NULL,'Sin Contactar',NULL,NULL,NULL,0,NULL,NULL,NULL,NULL,NULL),(327,20,'Ana Gómez','Pasaporte','87654321','987654324','','987654325','ana.gomez@example.com',NULL,'Sin Contactar',NULL,NULL,NULL,0,NULL,NULL,NULL,NULL,NULL),(328,20,'Carlos López','DNI','23456789','987654326','987654327','','carlos.lopez@example.com',NULL,'Sin Contactar',NULL,NULL,NULL,0,NULL,NULL,NULL,NULL,NULL),(329,20,'Marta Ramírez','DNI','34567890','987654328','987654329','987654330','marta.ramirez@example.com',NULL,'Sin Contactar',NULL,NULL,NULL,0,NULL,NULL,NULL,NULL,NULL),(330,20,'Lucía Martínez','DNI','45678901','987654331','','987654332','lucia.martinez@example.com',NULL,'Sin Contactar',NULL,NULL,NULL,0,NULL,NULL,NULL,NULL,NULL),(331,20,'Juan Pérez','DNI','12345678','987654321','987654322','987654323','juan.perez@example.com',NULL,'Sin Contactar',NULL,NULL,NULL,0,NULL,NULL,NULL,NULL,NULL),(332,20,'Ana Gómez','Pasaporte','87654321','987654324','','987654325','ana.gomez@example.com',NULL,'Sin Contactar',NULL,NULL,NULL,0,NULL,NULL,NULL,NULL,NULL),(333,20,'Carlos López','DNI','23456789','987654326','987654327','','carlos.lopez@example.com',NULL,'Sin Contactar',NULL,NULL,NULL,0,NULL,NULL,NULL,NULL,NULL),(334,20,'Marta Ramírez','DNI','34567890','987654328','987654329','987654330','marta.ramirez@example.com',NULL,'Sin Contactar',NULL,NULL,NULL,0,NULL,NULL,NULL,NULL,NULL),(335,20,'Lucía Martínez','DNI','45678901','987654331','','987654332','lucia.martinez@example.com',NULL,'Sin Contactar',NULL,NULL,NULL,0,NULL,NULL,NULL,NULL,NULL),(336,20,'Juan Pérez','DNI','12345678','987654321','987654322','987654323','juan.perez@example.com',NULL,'Sin Contactar',NULL,NULL,NULL,0,NULL,NULL,NULL,NULL,NULL),(337,20,'Ana Gómez','Pasaporte','87654321','987654324','','987654325','ana.gomez@example.com',NULL,'Sin Contactar',NULL,NULL,NULL,0,NULL,NULL,NULL,NULL,NULL),(338,20,'Carlos López','DNI','23456789','987654326','987654327','','carlos.lopez@example.com',NULL,'Sin Contactar',NULL,NULL,NULL,0,NULL,NULL,NULL,NULL,NULL),(339,20,'Marta Ramírez','DNI','34567890','987654328','987654329','987654330','marta.ramirez@example.com',NULL,'Sin Contactar',NULL,NULL,NULL,0,NULL,NULL,NULL,NULL,NULL),(340,20,'Lucía Martínez','DNI','45678901','987654331','','987654332','lucia.martinez@example.com',NULL,'Sin Contactar',NULL,NULL,NULL,0,NULL,NULL,NULL,NULL,NULL),(341,20,'Juan Pérez','DNI','12345678','987654321','987654322','987654323','juan.perez@example.com',NULL,'Sin Contactar',NULL,NULL,NULL,0,NULL,NULL,NULL,NULL,NULL),(342,20,'Ana Gómez','Pasaporte','87654321','987654324','','987654325','ana.gomez@example.com',NULL,'Sin Contactar',NULL,NULL,NULL,0,NULL,NULL,NULL,NULL,NULL),(343,20,'Carlos López','DNI','23456789','987654326','987654327','','carlos.lopez@example.com',NULL,'Sin Contactar',NULL,NULL,NULL,0,NULL,NULL,NULL,NULL,NULL),(344,20,'Marta Ramírez','DNI','34567890','987654328','987654329','987654330','marta.ramirez@example.com',NULL,'Sin Contactar',NULL,NULL,NULL,0,NULL,NULL,NULL,NULL,NULL),(345,20,'Lucía Martínez','DNI','45678901','987654331','','987654332','lucia.martinez@example.com',NULL,'Sin Contactar',NULL,NULL,NULL,0,NULL,NULL,NULL,NULL,NULL),(346,21,'Juan Pérez','DNI','12345678','987654321','987654322','987654323','juan.perez@example.com',NULL,'Sin Contactar',NULL,NULL,NULL,0,NULL,NULL,NULL,NULL,NULL),(347,21,'Ana Gómez','Pasaporte','87654321','987654324','','987654325','ana.gomez@example.com',NULL,'Sin Contactar',NULL,NULL,NULL,0,NULL,NULL,NULL,NULL,NULL),(348,21,'Carlos López','DNI','23456789','987654326','987654327','','carlos.lopez@example.com',NULL,'Sin Contactar',NULL,NULL,NULL,0,NULL,NULL,NULL,NULL,NULL),(349,21,'Marta Ramírez','DNI','34567890','987654328','987654329','987654330','marta.ramirez@example.com',NULL,'Sin Contactar',NULL,NULL,NULL,0,NULL,NULL,NULL,NULL,NULL),(350,21,'Lucía Martínez','DNI','45678901','987654331','','987654332','lucia.martinez@example.com',NULL,'Sin Contactar',NULL,NULL,NULL,0,NULL,NULL,NULL,NULL,NULL),(351,21,'Juan Pérez','DNI','12345678','987654321','987654322','987654323','juan.perez@example.com',NULL,'Sin Contactar',NULL,NULL,NULL,0,NULL,NULL,NULL,NULL,NULL),(352,21,'Ana Gómez','Pasaporte','87654321','987654324','','987654325','ana.gomez@example.com',NULL,'Sin Contactar',NULL,NULL,NULL,0,NULL,NULL,NULL,NULL,NULL),(353,21,'Carlos López','DNI','23456789','987654326','987654327','','carlos.lopez@example.com',NULL,'Sin Contactar',NULL,NULL,NULL,0,NULL,NULL,NULL,NULL,NULL),(354,21,'Marta Ramírez','DNI','34567890','987654328','987654329','987654330','marta.ramirez@example.com',NULL,'Sin Contactar',NULL,NULL,NULL,0,NULL,NULL,NULL,NULL,NULL),(355,21,'Lucía Martínez','DNI','45678901','987654331','','987654332','lucia.martinez@example.com',NULL,'Sin Contactar',NULL,NULL,NULL,0,NULL,NULL,NULL,NULL,NULL),(356,21,'Juan Pérez','DNI','12345678','987654321','987654322','987654323','juan.perez@example.com',NULL,'Sin Contactar',NULL,NULL,NULL,0,NULL,NULL,NULL,NULL,NULL),(357,21,'Ana Gómez','Pasaporte','87654321','987654324','','987654325','ana.gomez@example.com',NULL,'Sin Contactar',NULL,NULL,NULL,0,NULL,NULL,NULL,NULL,NULL),(358,21,'Carlos López','DNI','23456789','987654326','987654327','','carlos.lopez@example.com',NULL,'Sin Contactar',NULL,NULL,NULL,0,NULL,NULL,NULL,NULL,NULL),(359,21,'Marta Ramírez','DNI','34567890','987654328','987654329','987654330','marta.ramirez@example.com',NULL,'Sin Contactar',NULL,NULL,NULL,0,NULL,NULL,NULL,NULL,NULL),(360,21,'Lucía Martínez','DNI','45678901','987654331','','987654332','lucia.martinez@example.com',NULL,'Sin Contactar',NULL,NULL,NULL,0,NULL,NULL,NULL,NULL,NULL),(361,21,'Juan Pérez','DNI','12345678','987654321','987654322','987654323','juan.perez@example.com',NULL,'Sin Contactar',NULL,NULL,NULL,0,NULL,NULL,NULL,NULL,NULL),(362,21,'Ana Gómez','Pasaporte','87654321','987654324','','987654325','ana.gomez@example.com',NULL,'Sin Contactar',NULL,NULL,NULL,0,NULL,NULL,NULL,NULL,NULL),(363,21,'Carlos López','DNI','23456789','987654326','987654327','','carlos.lopez@example.com',NULL,'Sin Contactar',NULL,NULL,NULL,0,NULL,NULL,NULL,NULL,NULL),(364,21,'Marta Ramírez','DNI','34567890','987654328','987654329','987654330','marta.ramirez@example.com',NULL,'Sin Contactar',NULL,NULL,NULL,0,NULL,NULL,NULL,NULL,NULL),(365,21,'Lucía Martínez','DNI','45678901','987654331','','987654332','lucia.martinez@example.com',NULL,'Sin Contactar',NULL,NULL,NULL,0,NULL,NULL,NULL,NULL,NULL),(366,21,'Juan Pérez','DNI','12345678','987654321','987654322','987654323','juan.perez@example.com',NULL,'Sin Contactar',NULL,NULL,NULL,0,NULL,NULL,NULL,NULL,NULL),(367,21,'Ana Gómez','Pasaporte','87654321','987654324','','987654325','ana.gomez@example.com',NULL,'Sin Contactar',NULL,NULL,NULL,0,NULL,NULL,NULL,NULL,NULL),(368,21,'Carlos López','DNI','23456789','987654326','987654327','','carlos.lopez@example.com',NULL,'Sin Contactar',NULL,NULL,NULL,0,NULL,NULL,NULL,NULL,NULL),(369,21,'Marta Ramírez','DNI','34567890','987654328','987654329','987654330','marta.ramirez@example.com',NULL,'Sin Contactar',NULL,NULL,NULL,0,NULL,NULL,NULL,NULL,NULL),(370,21,'Lucía Martínez','DNI','45678901','987654331','','987654332','lucia.martinez@example.com',NULL,'Sin Contactar',NULL,NULL,NULL,0,NULL,NULL,NULL,NULL,NULL),(371,21,'Juan Pérez','DNI','12345678','987654321','987654322','987654323','juan.perez@example.com',NULL,'Sin Contactar',NULL,NULL,NULL,0,NULL,NULL,NULL,NULL,NULL),(372,21,'Ana Gómez','Pasaporte','87654321','987654324','','987654325','ana.gomez@example.com',NULL,'Sin Contactar',NULL,NULL,NULL,0,NULL,NULL,NULL,NULL,NULL),(373,21,'Carlos López','DNI','23456789','987654326','987654327','','carlos.lopez@example.com',NULL,'Sin Contactar',NULL,NULL,NULL,0,NULL,NULL,NULL,NULL,NULL),(374,21,'Marta Ramírez','DNI','34567890','987654328','987654329','987654330','marta.ramirez@example.com',NULL,'Sin Contactar',NULL,NULL,NULL,0,NULL,NULL,NULL,NULL,NULL),(375,21,'Lucía Martínez','DNI','45678901','987654331','','987654332','lucia.martinez@example.com',NULL,'Sin Contactar',NULL,NULL,NULL,0,NULL,NULL,NULL,NULL,NULL),(376,21,'Juan Pérez','DNI','12345678','987654321','987654322','987654323','juan.perez@example.com',NULL,'Sin Contactar',NULL,NULL,NULL,0,NULL,NULL,NULL,NULL,NULL),(377,21,'Ana Gómez','Pasaporte','87654321','987654324','','987654325','ana.gomez@example.com',NULL,'Sin Contactar',NULL,NULL,NULL,0,NULL,NULL,NULL,NULL,NULL),(378,21,'Carlos López','DNI','23456789','987654326','987654327','','carlos.lopez@example.com',NULL,'Sin Contactar',NULL,NULL,NULL,0,NULL,NULL,NULL,NULL,NULL),(379,21,'Marta Ramírez','DNI','34567890','987654328','987654329','987654330','marta.ramirez@example.com',NULL,'Sin Contactar',NULL,NULL,NULL,0,NULL,NULL,NULL,NULL,NULL),(380,21,'Lucía Martínez','DNI','45678901','987654331','','987654332','lucia.martinez@example.com',NULL,'Sin Contactar',NULL,NULL,NULL,0,NULL,NULL,NULL,NULL,NULL),(381,21,'Juan Pérez','DNI','12345678','987654321','987654322','987654323','juan.perez@example.com',NULL,'Sin Contactar',NULL,NULL,NULL,0,NULL,NULL,NULL,NULL,NULL),(382,21,'Ana Gómez','Pasaporte','87654321','987654324','','987654325','ana.gomez@example.com',NULL,'Sin Contactar',NULL,NULL,NULL,0,NULL,NULL,NULL,NULL,NULL),(383,21,'Carlos López','DNI','23456789','987654326','987654327','','carlos.lopez@example.com',NULL,'Sin Contactar',NULL,NULL,NULL,0,NULL,NULL,NULL,NULL,NULL),(384,21,'Marta Ramírez','DNI','34567890','987654328','987654329','987654330','marta.ramirez@example.com',NULL,'Sin Contactar',NULL,NULL,NULL,0,NULL,NULL,NULL,NULL,NULL),(385,21,'Lucía Martínez','DNI','45678901','987654331','','987654332','lucia.martinez@example.com',NULL,'Sin Contactar',NULL,NULL,NULL,0,NULL,NULL,NULL,NULL,NULL),(386,21,'Juan Pérez','DNI','12345678','987654321','987654322','987654323','juan.perez@example.com',NULL,'Sin Contactar',NULL,NULL,NULL,0,NULL,NULL,NULL,NULL,NULL),(387,21,'Ana Gómez','Pasaporte','87654321','987654324','','987654325','ana.gomez@example.com',NULL,'Sin Contactar',NULL,NULL,NULL,0,NULL,NULL,NULL,NULL,NULL),(388,21,'Carlos López','DNI','23456789','987654326','987654327','','carlos.lopez@example.com',NULL,'Sin Contactar',NULL,NULL,NULL,0,NULL,NULL,NULL,NULL,NULL),(389,21,'Marta Ramírez','DNI','34567890','987654328','987654329','987654330','marta.ramirez@example.com',NULL,'Sin Contactar',NULL,NULL,NULL,0,NULL,NULL,NULL,NULL,NULL),(390,21,'Lucía Martínez','DNI','45678901','987654331','','987654332','lucia.martinez@example.com',NULL,'Sin Contactar',NULL,NULL,NULL,0,NULL,NULL,NULL,NULL,NULL),(391,21,'Juan Pérez','DNI','12345678','987654321','987654322','987654323','juan.perez@example.com',NULL,'Sin Contactar',NULL,NULL,NULL,0,NULL,NULL,NULL,NULL,NULL),(392,21,'Ana Gómez','Pasaporte','87654321','987654324','','987654325','ana.gomez@example.com',NULL,'Sin Contactar',NULL,NULL,NULL,0,NULL,NULL,NULL,NULL,NULL),(393,21,'Carlos López','DNI','23456789','987654326','987654327','','carlos.lopez@example.com',NULL,'Sin Contactar',NULL,NULL,NULL,0,NULL,NULL,NULL,NULL,NULL),(394,21,'Marta Ramírez','DNI','34567890','987654328','987654329','987654330','marta.ramirez@example.com',NULL,'Sin Contactar',NULL,NULL,NULL,0,NULL,NULL,NULL,NULL,NULL),(395,21,'Lucía Martínez','DNI','45678901','987654331','','987654332','lucia.martinez@example.com',NULL,'Sin Contactar',NULL,NULL,NULL,0,NULL,NULL,NULL,NULL,NULL),(396,21,'Juan Pérez','DNI','12345678','987654321','987654322','987654323','juan.perez@example.com',NULL,'Sin Contactar',NULL,NULL,NULL,0,NULL,NULL,NULL,NULL,NULL),(397,21,'Ana Gómez','Pasaporte','87654321','987654324','','987654325','ana.gomez@example.com',NULL,'Sin Contactar',NULL,NULL,NULL,0,NULL,NULL,NULL,NULL,NULL),(398,21,'Carlos López','DNI','23456789','987654326','987654327','','carlos.lopez@example.com',NULL,'Sin Contactar',NULL,NULL,NULL,0,NULL,NULL,NULL,NULL,NULL),(399,21,'Marta Ramírez','DNI','34567890','987654328','987654329','987654330','marta.ramirez@example.com',NULL,'Sin Contactar',NULL,NULL,NULL,0,NULL,NULL,NULL,NULL,NULL),(400,21,'Lucía Martínez','DNI','45678901','987654331','','987654332','lucia.martinez@example.com',NULL,'Sin Contactar',NULL,NULL,NULL,0,NULL,NULL,NULL,NULL,NULL),(401,21,'Juan Pérez','DNI','12345678','987654321','987654322','987654323','juan.perez@example.com',NULL,'Sin Contactar',NULL,NULL,NULL,0,NULL,NULL,NULL,NULL,NULL),(402,21,'Ana Gómez','Pasaporte','87654321','987654324','','987654325','ana.gomez@example.com',NULL,'Sin Contactar',NULL,NULL,NULL,0,NULL,NULL,NULL,NULL,NULL),(403,21,'Carlos López','DNI','23456789','987654326','987654327','','carlos.lopez@example.com',NULL,'Sin Contactar',NULL,NULL,NULL,0,NULL,NULL,NULL,NULL,NULL),(404,21,'Marta Ramírez','DNI','34567890','987654328','987654329','987654330','marta.ramirez@example.com',NULL,'Sin Contactar',NULL,NULL,NULL,0,NULL,NULL,NULL,NULL,NULL),(405,21,'Lucía Martínez','DNI','45678901','987654331','','987654332','lucia.martinez@example.com',NULL,'Sin Contactar',NULL,NULL,NULL,0,NULL,NULL,NULL,NULL,NULL),(406,21,'Juan Pérez','DNI','12345678','987654321','987654322','987654323','juan.perez@example.com',NULL,'Sin Contactar',NULL,NULL,NULL,0,NULL,NULL,NULL,NULL,NULL),(407,21,'Ana Gómez','Pasaporte','87654321','987654324','','987654325','ana.gomez@example.com',NULL,'Sin Contactar',NULL,NULL,NULL,0,NULL,NULL,NULL,NULL,NULL),(408,21,'Carlos López','DNI','23456789','987654326','987654327','','carlos.lopez@example.com',NULL,'Sin Contactar',NULL,NULL,NULL,0,NULL,NULL,NULL,NULL,NULL),(409,21,'Marta Ramírez','DNI','34567890','987654328','987654329','987654330','marta.ramirez@example.com',NULL,'Sin Contactar',NULL,NULL,NULL,0,NULL,NULL,NULL,NULL,NULL),(410,21,'Lucía Martínez','DNI','45678901','987654331','','987654332','lucia.martinez@example.com',NULL,'Sin Contactar',NULL,NULL,NULL,0,NULL,NULL,NULL,NULL,NULL),(411,21,'Juan Pérez','DNI','12345678','987654321','987654322','987654323','juan.perez@example.com',NULL,'Sin Contactar',NULL,NULL,NULL,0,NULL,NULL,NULL,NULL,NULL),(412,21,'Ana Gómez','Pasaporte','87654321','987654324','','987654325','ana.gomez@example.com',NULL,'Sin Contactar',NULL,NULL,NULL,0,NULL,NULL,NULL,NULL,NULL),(413,21,'Carlos López','DNI','23456789','987654326','987654327','','carlos.lopez@example.com',NULL,'Sin Contactar',NULL,NULL,NULL,0,NULL,NULL,NULL,NULL,NULL),(414,21,'Marta Ramírez','DNI','34567890','987654328','987654329','987654330','marta.ramirez@example.com',NULL,'Sin Contactar',NULL,NULL,NULL,0,NULL,NULL,NULL,NULL,NULL),(415,21,'Lucía Martínez','DNI','45678901','987654331','','987654332','lucia.martinez@example.com',NULL,'Sin Contactar',NULL,NULL,NULL,0,NULL,NULL,NULL,NULL,NULL),(416,21,'Juan Pérez','DNI','12345678','987654321','987654322','987654323','juan.perez@example.com',NULL,'Sin Contactar',NULL,NULL,NULL,0,NULL,NULL,NULL,NULL,NULL),(417,21,'Ana Gómez','Pasaporte','87654321','987654324','','987654325','ana.gomez@example.com',NULL,'Sin Contactar',NULL,NULL,NULL,0,NULL,NULL,NULL,NULL,NULL),(418,21,'Carlos López','DNI','23456789','987654326','987654327','','carlos.lopez@example.com',NULL,'Sin Contactar',NULL,NULL,NULL,0,NULL,NULL,NULL,NULL,NULL),(419,21,'Marta Ramírez','DNI','34567890','987654328','987654329','987654330','marta.ramirez@example.com',NULL,'Sin Contactar',NULL,NULL,NULL,0,NULL,NULL,NULL,NULL,NULL),(420,21,'Lucía Martínez','DNI','45678901','987654331','','987654332','lucia.martinez@example.com',NULL,'Sin Contactar',NULL,NULL,NULL,0,NULL,NULL,NULL,NULL,NULL),(421,21,'Juan Pérez','DNI','12345678','987654321','987654322','987654323','juan.perez@example.com',NULL,'Sin Contactar',NULL,NULL,NULL,0,NULL,NULL,NULL,NULL,NULL),(422,21,'Ana Gómez','Pasaporte','87654321','987654324','','987654325','ana.gomez@example.com',NULL,'Sin Contactar',NULL,NULL,NULL,0,NULL,NULL,NULL,NULL,NULL),(423,21,'Carlos López','DNI','23456789','987654326','987654327','','carlos.lopez@example.com',NULL,'Sin Contactar',NULL,NULL,NULL,0,NULL,NULL,NULL,NULL,NULL),(424,21,'Marta Ramírez','DNI','34567890','987654328','987654329','987654330','marta.ramirez@example.com',NULL,'Sin Contactar',NULL,NULL,NULL,0,NULL,NULL,NULL,NULL,NULL),(425,21,'Lucía Martínez','DNI','45678901','987654331','','987654332','lucia.martinez@example.com',NULL,'Sin Contactar',NULL,NULL,NULL,0,NULL,NULL,NULL,NULL,NULL),(426,21,'Juan Pérez','DNI','12345678','987654321','987654322','987654323','juan.perez@example.com',NULL,'Sin Contactar',NULL,NULL,NULL,0,NULL,NULL,NULL,NULL,NULL),(427,21,'Ana Gómez','Pasaporte','87654321','987654324','','987654325','ana.gomez@example.com',NULL,'Sin Contactar',NULL,NULL,NULL,0,NULL,NULL,NULL,NULL,NULL),(428,21,'Carlos López','DNI','23456789','987654326','987654327','','carlos.lopez@example.com',NULL,'Sin Contactar',NULL,NULL,NULL,0,NULL,NULL,NULL,NULL,NULL),(429,21,'Marta Ramírez','DNI','34567890','987654328','987654329','987654330','marta.ramirez@example.com',NULL,'Sin Contactar',NULL,NULL,NULL,0,NULL,NULL,NULL,NULL,NULL),(430,21,'Lucía Martínez','DNI','45678901','987654331','','987654332','lucia.martinez@example.com',NULL,'Sin Contactar',NULL,NULL,NULL,0,NULL,NULL,NULL,NULL,NULL),(431,21,'Juan Pérez','DNI','12345678','987654321','987654322','987654323','juan.perez@example.com',NULL,'Sin Contactar',NULL,NULL,NULL,0,NULL,NULL,NULL,NULL,NULL),(432,21,'Ana Gómez','Pasaporte','87654321','987654324','','987654325','ana.gomez@example.com',NULL,'Sin Contactar',NULL,NULL,NULL,0,NULL,NULL,NULL,NULL,NULL),(433,21,'Carlos López','DNI','23456789','987654326','987654327','','carlos.lopez@example.com',NULL,'Sin Contactar',NULL,NULL,NULL,0,NULL,NULL,NULL,NULL,NULL),(434,21,'Marta Ramírez','DNI','34567890','987654328','987654329','987654330','marta.ramirez@example.com',NULL,'Sin Contactar',NULL,NULL,NULL,0,NULL,NULL,NULL,NULL,NULL),(435,21,'Lucía Martínez','DNI','45678901','987654331','','987654332','lucia.martinez@example.com',NULL,'Sin Contactar',NULL,NULL,NULL,0,NULL,NULL,NULL,NULL,NULL),(436,21,'Juan Pérez','DNI','12345678','987654321','987654322','987654323','juan.perez@example.com',NULL,'Sin Contactar',NULL,NULL,NULL,0,NULL,NULL,NULL,NULL,NULL),(437,21,'Ana Gómez','Pasaporte','87654321','987654324','','987654325','ana.gomez@example.com',NULL,'Sin Contactar',NULL,NULL,NULL,0,NULL,NULL,NULL,NULL,NULL),(438,21,'Carlos López','DNI','23456789','987654326','987654327','','carlos.lopez@example.com',NULL,'Sin Contactar',NULL,NULL,NULL,0,NULL,NULL,NULL,NULL,NULL),(439,21,'Marta Ramírez','DNI','34567890','987654328','987654329','987654330','marta.ramirez@example.com',NULL,'Sin Contactar',NULL,NULL,NULL,0,NULL,NULL,NULL,NULL,NULL),(440,21,'Lucía Martínez','DNI','45678901','987654331','','987654332','lucia.martinez@example.com',NULL,'Sin Contactar',NULL,NULL,NULL,0,NULL,NULL,NULL,NULL,NULL),(441,21,'Juan Pérez','DNI','12345678','987654321','987654322','987654323','juan.perez@example.com',NULL,'Sin Contactar',NULL,NULL,NULL,0,NULL,NULL,NULL,NULL,NULL),(442,21,'Ana Gómez','Pasaporte','87654321','987654324','','987654325','ana.gomez@example.com',NULL,'Sin Contactar',NULL,NULL,NULL,0,NULL,NULL,NULL,NULL,NULL),(443,21,'Carlos López','DNI','23456789','987654326','987654327','','carlos.lopez@example.com',NULL,'Sin Contactar',NULL,NULL,NULL,0,NULL,NULL,NULL,NULL,NULL),(444,21,'Marta Ramírez','DNI','34567890','987654328','987654329','987654330','marta.ramirez@example.com',NULL,'Sin Contactar',NULL,NULL,NULL,0,NULL,NULL,NULL,NULL,NULL),(445,21,'Lucía Martínez','DNI','45678901','987654331','','987654332','lucia.martinez@example.com',NULL,'Sin Contactar',NULL,NULL,NULL,0,NULL,NULL,NULL,NULL,NULL),(446,22,'Juan Pérez','DNI','12345678','987654321','987654322','987654323','juan.perez@example.com',NULL,'Sin Contactar',NULL,NULL,NULL,0,NULL,NULL,NULL,NULL,NULL),(447,22,'Ana Gómez','Pasaporte','87654321','987654324','','987654325','ana.gomez@example.com',NULL,'Sin Contactar',NULL,NULL,NULL,0,NULL,NULL,NULL,NULL,NULL),(448,22,'Carlos López','DNI','23456789','987654326','987654327','','carlos.lopez@example.com',NULL,'Sin Contactar',NULL,NULL,NULL,0,NULL,NULL,NULL,NULL,NULL),(449,22,'Marta Ramírez','DNI','34567890','987654328','987654329','987654330','marta.ramirez@example.com',NULL,'Sin Contactar',NULL,NULL,NULL,0,NULL,NULL,NULL,NULL,NULL),(450,22,'Lucía Martínez','DNI','45678901','987654331','','987654332','lucia.martinez@example.com',NULL,'Sin Contactar',NULL,NULL,NULL,0,NULL,NULL,NULL,NULL,NULL),(451,22,'Juan Pérez','DNI','12345678','987654321','987654322','987654323','juan.perez@example.com',NULL,'Sin Contactar',NULL,NULL,NULL,0,NULL,NULL,NULL,NULL,NULL),(452,22,'Ana Gómez','Pasaporte','87654321','987654324','','987654325','ana.gomez@example.com',NULL,'Sin Contactar',NULL,NULL,NULL,0,NULL,NULL,NULL,NULL,NULL),(453,22,'Carlos López','DNI','23456789','987654326','987654327','','carlos.lopez@example.com',NULL,'Sin Contactar',NULL,NULL,NULL,0,NULL,NULL,NULL,NULL,NULL),(454,22,'Marta Ramírez','DNI','34567890','987654328','987654329','987654330','marta.ramirez@example.com',NULL,'Sin Contactar',NULL,NULL,NULL,0,NULL,NULL,NULL,NULL,NULL),(455,22,'Lucía Martínez','DNI','45678901','987654331','','987654332','lucia.martinez@example.com',NULL,'Sin Contactar',NULL,NULL,NULL,0,NULL,NULL,NULL,NULL,NULL),(456,22,'Juan Pérez','DNI','12345678','987654321','987654322','987654323','juan.perez@example.com',NULL,'Sin Contactar',NULL,NULL,NULL,0,NULL,NULL,NULL,NULL,NULL),(457,22,'Ana Gómez','Pasaporte','87654321','987654324','','987654325','ana.gomez@example.com',NULL,'Sin Contactar',NULL,NULL,NULL,0,NULL,NULL,NULL,NULL,NULL),(458,22,'Carlos López','DNI','23456789','987654326','987654327','','carlos.lopez@example.com',NULL,'Sin Contactar',NULL,NULL,NULL,0,NULL,NULL,NULL,NULL,NULL),(459,22,'Marta Ramírez','DNI','34567890','987654328','987654329','987654330','marta.ramirez@example.com',NULL,'Sin Contactar',NULL,NULL,NULL,0,NULL,NULL,NULL,NULL,NULL),(460,22,'Lucía Martínez','DNI','45678901','987654331','','987654332','lucia.martinez@example.com',NULL,'Sin Contactar',NULL,NULL,NULL,0,NULL,NULL,NULL,NULL,NULL),(461,22,'Juan Pérez','DNI','12345678','987654321','987654322','987654323','juan.perez@example.com',NULL,'Sin Contactar',NULL,NULL,NULL,0,NULL,NULL,NULL,NULL,NULL),(462,22,'Ana Gómez','Pasaporte','87654321','987654324','','987654325','ana.gomez@example.com',NULL,'Sin Contactar',NULL,NULL,NULL,0,NULL,NULL,NULL,NULL,NULL),(463,22,'Carlos López','DNI','23456789','987654326','987654327','','carlos.lopez@example.com',NULL,'Sin Contactar',NULL,NULL,NULL,0,NULL,NULL,NULL,NULL,NULL),(464,22,'Marta Ramírez','DNI','34567890','987654328','987654329','987654330','marta.ramirez@example.com',NULL,'Sin Contactar',NULL,NULL,NULL,0,NULL,NULL,NULL,NULL,NULL),(465,22,'Lucía Martínez','DNI','45678901','987654331','','987654332','lucia.martinez@example.com',NULL,'Sin Contactar',NULL,NULL,NULL,0,NULL,NULL,NULL,NULL,NULL),(466,22,'Juan Pérez','DNI','12345678','987654321','987654322','987654323','juan.perez@example.com',NULL,'Sin Contactar',NULL,NULL,NULL,0,NULL,NULL,NULL,NULL,NULL),(467,22,'Ana Gómez','Pasaporte','87654321','987654324','','987654325','ana.gomez@example.com',NULL,'Sin Contactar',NULL,NULL,NULL,0,NULL,NULL,NULL,NULL,NULL),(468,22,'Carlos López','DNI','23456789','987654326','987654327','','carlos.lopez@example.com',NULL,'Sin Contactar',NULL,NULL,NULL,0,NULL,NULL,NULL,NULL,NULL),(469,22,'Marta Ramírez','DNI','34567890','987654328','987654329','987654330','marta.ramirez@example.com',NULL,'Sin Contactar',NULL,NULL,NULL,0,NULL,NULL,NULL,NULL,NULL),(470,22,'Lucía Martínez','DNI','45678901','987654331','','987654332','lucia.martinez@example.com',NULL,'Sin Contactar',NULL,NULL,NULL,0,NULL,NULL,NULL,NULL,NULL),(471,22,'Juan Pérez','DNI','12345678','987654321','987654322','987654323','juan.perez@example.com',NULL,'Sin Contactar',NULL,NULL,NULL,0,NULL,NULL,NULL,NULL,NULL),(472,22,'Ana Gómez','Pasaporte','87654321','987654324','','987654325','ana.gomez@example.com',NULL,'Sin Contactar',NULL,NULL,NULL,0,NULL,NULL,NULL,NULL,NULL),(473,22,'Carlos López','DNI','23456789','987654326','987654327','','carlos.lopez@example.com',NULL,'Sin Contactar',NULL,NULL,NULL,0,NULL,NULL,NULL,NULL,NULL),(474,22,'Marta Ramírez','DNI','34567890','987654328','987654329','987654330','marta.ramirez@example.com',NULL,'Sin Contactar',NULL,NULL,NULL,0,NULL,NULL,NULL,NULL,NULL),(475,22,'Lucía Martínez','DNI','45678901','987654331','','987654332','lucia.martinez@example.com',NULL,'Sin Contactar',NULL,NULL,NULL,0,NULL,NULL,NULL,NULL,NULL),(476,22,'Juan Pérez','DNI','12345678','987654321','987654322','987654323','juan.perez@example.com',NULL,'Sin Contactar',NULL,NULL,NULL,0,NULL,NULL,NULL,NULL,NULL),(477,22,'Ana Gómez','Pasaporte','87654321','987654324','','987654325','ana.gomez@example.com',NULL,'Sin Contactar',NULL,NULL,NULL,0,NULL,NULL,NULL,NULL,NULL),(478,22,'Carlos López','DNI','23456789','987654326','987654327','','carlos.lopez@example.com',NULL,'Sin Contactar',NULL,NULL,NULL,0,NULL,NULL,NULL,NULL,NULL),(479,22,'Marta Ramírez','DNI','34567890','987654328','987654329','987654330','marta.ramirez@example.com',NULL,'Sin Contactar',NULL,NULL,NULL,0,NULL,NULL,NULL,NULL,NULL),(480,22,'Lucía Martínez','DNI','45678901','987654331','','987654332','lucia.martinez@example.com',NULL,'Sin Contactar',NULL,NULL,NULL,0,NULL,NULL,NULL,NULL,NULL),(481,22,'Juan Pérez','DNI','12345678','987654321','987654322','987654323','juan.perez@example.com',NULL,'Sin Contactar',NULL,NULL,NULL,0,NULL,NULL,NULL,NULL,NULL),(482,22,'Ana Gómez','Pasaporte','87654321','987654324','','987654325','ana.gomez@example.com',NULL,'Sin Contactar',NULL,NULL,NULL,0,NULL,NULL,NULL,NULL,NULL),(483,22,'Carlos López','DNI','23456789','987654326','987654327','','carlos.lopez@example.com',NULL,'Sin Contactar',NULL,NULL,NULL,0,NULL,NULL,NULL,NULL,NULL),(484,22,'Marta Ramírez','DNI','34567890','987654328','987654329','987654330','marta.ramirez@example.com',NULL,'Sin Contactar',NULL,NULL,NULL,0,NULL,NULL,NULL,NULL,NULL),(485,22,'Lucía Martínez','DNI','45678901','987654331','','987654332','lucia.martinez@example.com',NULL,'Sin Contactar',NULL,NULL,NULL,0,NULL,NULL,NULL,NULL,NULL),(486,22,'Juan Pérez','DNI','12345678','987654321','987654322','987654323','juan.perez@example.com',NULL,'Sin Contactar',NULL,NULL,NULL,0,NULL,NULL,NULL,NULL,NULL),(487,22,'Ana Gómez','Pasaporte','87654321','987654324','','987654325','ana.gomez@example.com',NULL,'Sin Contactar',NULL,NULL,NULL,0,NULL,NULL,NULL,NULL,NULL),(488,22,'Carlos López','DNI','23456789','987654326','987654327','','carlos.lopez@example.com',NULL,'Sin Contactar',NULL,NULL,NULL,0,NULL,NULL,NULL,NULL,NULL),(489,22,'Marta Ramírez','DNI','34567890','987654328','987654329','987654330','marta.ramirez@example.com',NULL,'Sin Contactar',NULL,NULL,NULL,0,NULL,NULL,NULL,NULL,NULL),(490,22,'Lucía Martínez','DNI','45678901','987654331','','987654332','lucia.martinez@example.com',NULL,'Sin Contactar',NULL,NULL,NULL,0,NULL,NULL,NULL,NULL,NULL),(491,22,'Juan Pérez','DNI','12345678','987654321','987654322','987654323','juan.perez@example.com',NULL,'Sin Contactar',NULL,NULL,NULL,0,NULL,NULL,NULL,NULL,NULL),(492,22,'Ana Gómez','Pasaporte','87654321','987654324','','987654325','ana.gomez@example.com',NULL,'Sin Contactar',NULL,NULL,NULL,0,NULL,NULL,NULL,NULL,NULL),(493,22,'Carlos López','DNI','23456789','987654326','987654327','','carlos.lopez@example.com',NULL,'Sin Contactar',NULL,NULL,NULL,0,NULL,NULL,NULL,NULL,NULL),(494,22,'Marta Ramírez','DNI','34567890','987654328','987654329','987654330','marta.ramirez@example.com',NULL,'Sin Contactar',NULL,NULL,NULL,0,NULL,NULL,NULL,NULL,NULL),(495,22,'Lucía Martínez','DNI','45678901','987654331','','987654332','lucia.martinez@example.com',NULL,'Sin Contactar',NULL,NULL,NULL,0,NULL,NULL,NULL,NULL,NULL),(496,22,'Juan Pérez','DNI','12345678','987654321','987654322','987654323','juan.perez@example.com',NULL,'Sin Contactar',NULL,NULL,NULL,0,NULL,NULL,NULL,NULL,NULL),(497,22,'Ana Gómez','Pasaporte','87654321','987654324','','987654325','ana.gomez@example.com',NULL,'Sin Contactar',NULL,NULL,NULL,0,NULL,NULL,NULL,NULL,NULL),(498,22,'Carlos López','DNI','23456789','987654326','987654327','','carlos.lopez@example.com',NULL,'Sin Contactar',NULL,NULL,NULL,0,NULL,NULL,NULL,NULL,NULL),(499,22,'Marta Ramírez','DNI','34567890','987654328','987654329','987654330','marta.ramirez@example.com',NULL,'Sin Contactar',NULL,NULL,NULL,0,NULL,NULL,NULL,NULL,NULL),(500,22,'Lucía Martínez','DNI','45678901','987654331','','987654332','lucia.martinez@example.com',NULL,'Sin Contactar',NULL,NULL,NULL,0,NULL,NULL,NULL,NULL,NULL),(501,22,'Juan Pérez','DNI','12345678','987654321','987654322','987654323','juan.perez@example.com',NULL,'Sin Contactar',NULL,NULL,NULL,0,NULL,NULL,NULL,NULL,NULL),(502,22,'Ana Gómez','Pasaporte','87654321','987654324','','987654325','ana.gomez@example.com',NULL,'Sin Contactar',NULL,NULL,NULL,0,NULL,NULL,NULL,NULL,NULL),(503,22,'Carlos López','DNI','23456789','987654326','987654327','','carlos.lopez@example.com',NULL,'Sin Contactar',NULL,NULL,NULL,0,NULL,NULL,NULL,NULL,NULL),(504,22,'Marta Ramírez','DNI','34567890','987654328','987654329','987654330','marta.ramirez@example.com',NULL,'Sin Contactar',NULL,NULL,NULL,0,NULL,NULL,NULL,NULL,NULL),(505,22,'Lucía Martínez','DNI','45678901','987654331','','987654332','lucia.martinez@example.com',NULL,'Sin Contactar',NULL,NULL,NULL,0,NULL,NULL,NULL,NULL,NULL),(506,22,'Juan Pérez','DNI','12345678','987654321','987654322','987654323','juan.perez@example.com',NULL,'Sin Contactar',NULL,NULL,NULL,0,NULL,NULL,NULL,NULL,NULL),(507,22,'Ana Gómez','Pasaporte','87654321','987654324','','987654325','ana.gomez@example.com',NULL,'Sin Contactar',NULL,NULL,NULL,0,NULL,NULL,NULL,NULL,NULL),(508,22,'Carlos López','DNI','23456789','987654326','987654327','','carlos.lopez@example.com',NULL,'Sin Contactar',NULL,NULL,NULL,0,NULL,NULL,NULL,NULL,NULL),(509,22,'Marta Ramírez','DNI','34567890','987654328','987654329','987654330','marta.ramirez@example.com',NULL,'Sin Contactar',NULL,NULL,NULL,0,NULL,NULL,NULL,NULL,NULL),(510,22,'Lucía Martínez','DNI','45678901','987654331','','987654332','lucia.martinez@example.com',NULL,'Sin Contactar',NULL,NULL,NULL,0,NULL,NULL,NULL,NULL,NULL),(511,22,'Juan Pérez','DNI','12345678','987654321','987654322','987654323','juan.perez@example.com',NULL,'Sin Contactar',NULL,NULL,NULL,0,NULL,NULL,NULL,NULL,NULL),(512,22,'Ana Gómez','Pasaporte','87654321','987654324','','987654325','ana.gomez@example.com',NULL,'Sin Contactar',NULL,NULL,NULL,0,NULL,NULL,NULL,NULL,NULL),(513,22,'Carlos López','DNI','23456789','987654326','987654327','','carlos.lopez@example.com',NULL,'Sin Contactar',NULL,NULL,NULL,0,NULL,NULL,NULL,NULL,NULL),(514,22,'Marta Ramírez','DNI','34567890','987654328','987654329','987654330','marta.ramirez@example.com',NULL,'Sin Contactar',NULL,NULL,NULL,0,NULL,NULL,NULL,NULL,NULL),(515,22,'Lucía Martínez','DNI','45678901','987654331','','987654332','lucia.martinez@example.com',NULL,'Sin Contactar',NULL,NULL,NULL,0,NULL,NULL,NULL,NULL,NULL),(516,22,'Juan Pérez','DNI','12345678','987654321','987654322','987654323','juan.perez@example.com',NULL,'Sin Contactar',NULL,NULL,NULL,0,NULL,NULL,NULL,NULL,NULL),(517,22,'Ana Gómez','Pasaporte','87654321','987654324','','987654325','ana.gomez@example.com',NULL,'Sin Contactar',NULL,NULL,NULL,0,NULL,NULL,NULL,NULL,NULL),(518,22,'Carlos López','DNI','23456789','987654326','987654327','','carlos.lopez@example.com',NULL,'Sin Contactar',NULL,NULL,NULL,0,NULL,NULL,NULL,NULL,NULL),(519,22,'Marta Ramírez','DNI','34567890','987654328','987654329','987654330','marta.ramirez@example.com',NULL,'Sin Contactar',NULL,NULL,NULL,0,NULL,NULL,NULL,NULL,NULL),(520,22,'Lucía Martínez','DNI','45678901','987654331','','987654332','lucia.martinez@example.com',NULL,'Sin Contactar',NULL,NULL,NULL,0,NULL,NULL,NULL,NULL,NULL),(521,22,'Juan Pérez','DNI','12345678','987654321','987654322','987654323','juan.perez@example.com',NULL,'Sin Contactar',NULL,NULL,NULL,0,NULL,NULL,NULL,NULL,NULL),(522,22,'Ana Gómez','Pasaporte','87654321','987654324','','987654325','ana.gomez@example.com',NULL,'Sin Contactar',NULL,NULL,NULL,0,NULL,NULL,NULL,NULL,NULL),(523,22,'Carlos López','DNI','23456789','987654326','987654327','','carlos.lopez@example.com',NULL,'Sin Contactar',NULL,NULL,NULL,0,NULL,NULL,NULL,NULL,NULL),(524,22,'Marta Ramírez','DNI','34567890','987654328','987654329','987654330','marta.ramirez@example.com',NULL,'Sin Contactar',NULL,NULL,NULL,0,NULL,NULL,NULL,NULL,NULL),(525,22,'Lucía Martínez','DNI','45678901','987654331','','987654332','lucia.martinez@example.com',NULL,'Sin Contactar',NULL,NULL,NULL,0,NULL,NULL,NULL,NULL,NULL),(526,22,'Juan Pérez','DNI','12345678','987654321','987654322','987654323','juan.perez@example.com',NULL,'Sin Contactar',NULL,NULL,NULL,0,NULL,NULL,NULL,NULL,NULL),(527,22,'Ana Gómez','Pasaporte','87654321','987654324','','987654325','ana.gomez@example.com',NULL,'Sin Contactar',NULL,NULL,NULL,0,NULL,NULL,NULL,NULL,NULL),(528,22,'Carlos López','DNI','23456789','987654326','987654327','','carlos.lopez@example.com',NULL,'Sin Contactar',NULL,NULL,NULL,0,NULL,NULL,NULL,NULL,NULL),(529,22,'Marta Ramírez','DNI','34567890','987654328','987654329','987654330','marta.ramirez@example.com',NULL,'Sin Contactar',NULL,NULL,NULL,0,NULL,NULL,NULL,NULL,NULL),(530,22,'Lucía Martínez','DNI','45678901','987654331','','987654332','lucia.martinez@example.com',NULL,'Sin Contactar',NULL,NULL,NULL,0,NULL,NULL,NULL,NULL,NULL),(531,22,'Juan Pérez','DNI','12345678','987654321','987654322','987654323','juan.perez@example.com',NULL,'Sin Contactar',NULL,NULL,NULL,0,NULL,NULL,NULL,NULL,NULL),(532,22,'Ana Gómez','Pasaporte','87654321','987654324','','987654325','ana.gomez@example.com',NULL,'Sin Contactar',NULL,NULL,NULL,0,NULL,NULL,NULL,NULL,NULL),(533,22,'Carlos López','DNI','23456789','987654326','987654327','','carlos.lopez@example.com',NULL,'Sin Contactar',NULL,NULL,NULL,0,NULL,NULL,NULL,NULL,NULL),(534,22,'Marta Ramírez','DNI','34567890','987654328','987654329','987654330','marta.ramirez@example.com',NULL,'Sin Contactar',NULL,NULL,NULL,0,NULL,NULL,NULL,NULL,NULL),(535,22,'Lucía Martínez','DNI','45678901','987654331','','987654332','lucia.martinez@example.com',NULL,'Sin Contactar',NULL,NULL,NULL,0,NULL,NULL,NULL,NULL,NULL),(536,22,'Juan Pérez','DNI','12345678','987654321','987654322','987654323','juan.perez@example.com',NULL,'Sin Contactar',NULL,NULL,NULL,0,NULL,NULL,NULL,NULL,NULL),(537,22,'Ana Gómez','Pasaporte','87654321','987654324','','987654325','ana.gomez@example.com',NULL,'Sin Contactar',NULL,NULL,NULL,0,NULL,NULL,NULL,NULL,NULL),(538,22,'Carlos López','DNI','23456789','987654326','987654327','','carlos.lopez@example.com',NULL,'Sin Contactar',NULL,NULL,NULL,0,NULL,NULL,NULL,NULL,NULL),(539,22,'Marta Ramírez','DNI','34567890','987654328','987654329','987654330','marta.ramirez@example.com',NULL,'Sin Contactar',NULL,NULL,NULL,0,NULL,NULL,NULL,NULL,NULL),(540,22,'Lucía Martínez','DNI','45678901','987654331','','987654332','lucia.martinez@example.com',NULL,'Sin Contactar',NULL,NULL,NULL,0,NULL,NULL,NULL,NULL,NULL),(541,22,'Juan Pérez','DNI','12345678','987654321','987654322','987654323','juan.perez@example.com',NULL,'Sin Contactar',NULL,NULL,NULL,0,NULL,NULL,NULL,NULL,NULL),(542,22,'Ana Gómez','Pasaporte','87654321','987654324','','987654325','ana.gomez@example.com',NULL,'Sin Contactar',NULL,NULL,NULL,0,NULL,NULL,NULL,NULL,NULL),(543,22,'Carlos López','DNI','23456789','987654326','987654327','','carlos.lopez@example.com',NULL,'Sin Contactar',NULL,NULL,NULL,0,NULL,NULL,NULL,NULL,NULL),(544,22,'Marta Ramírez','DNI','34567890','987654328','987654329','987654330','marta.ramirez@example.com',NULL,'Sin Contactar',NULL,NULL,NULL,0,NULL,NULL,NULL,NULL,NULL),(545,22,'Lucía Martínez','DNI','45678901','987654331','','987654332','lucia.martinez@example.com',NULL,'Sin Contactar',NULL,NULL,NULL,0,NULL,NULL,NULL,NULL,NULL),(546,23,'Juan Pérez','DNI','12345678','987654321','987654322','987654323','juan.perez@example.com',NULL,'Sin Contactar',NULL,NULL,NULL,0,NULL,NULL,NULL,NULL,NULL),(547,23,'Ana Gómez','Pasaporte','87654321','987654324','','987654325','ana.gomez@example.com',NULL,'Sin Contactar',NULL,NULL,NULL,0,NULL,NULL,NULL,NULL,NULL),(548,23,'Carlos López','DNI','23456789','987654326','987654327','','carlos.lopez@example.com',NULL,'Sin Contactar',NULL,NULL,NULL,0,NULL,NULL,NULL,NULL,NULL),(549,23,'Marta Ramírez','DNI','34567890','987654328','987654329','987654330','marta.ramirez@example.com',NULL,'Sin Contactar',NULL,NULL,NULL,0,NULL,NULL,NULL,NULL,NULL),(550,23,'Lucía Martínez','DNI','45678901','987654331','','987654332','lucia.martinez@example.com',NULL,'Sin Contactar',NULL,NULL,NULL,0,NULL,NULL,NULL,NULL,NULL),(551,23,'Juan Pérez','DNI','12345678','987654321','987654322','987654323','juan.perez@example.com',NULL,'Sin Contactar',NULL,NULL,NULL,0,NULL,NULL,NULL,NULL,NULL),(552,23,'Ana Gómez','Pasaporte','87654321','987654324','','987654325','ana.gomez@example.com',NULL,'Sin Contactar',NULL,NULL,NULL,0,NULL,NULL,NULL,NULL,NULL),(553,23,'Carlos López','DNI','23456789','987654326','987654327','','carlos.lopez@example.com',NULL,'Sin Contactar',NULL,NULL,NULL,0,NULL,NULL,NULL,NULL,NULL),(554,23,'Marta Ramírez','DNI','34567890','987654328','987654329','987654330','marta.ramirez@example.com',NULL,'Sin Contactar',NULL,NULL,NULL,0,NULL,NULL,NULL,NULL,NULL),(555,23,'Lucía Martínez','DNI','45678901','987654331','','987654332','lucia.martinez@example.com',NULL,'Sin Contactar',NULL,NULL,NULL,0,NULL,NULL,NULL,NULL,NULL),(556,23,'Juan Pérez','DNI','12345678','987654321','987654322','987654323','juan.perez@example.com',NULL,'Sin Contactar',NULL,NULL,NULL,0,NULL,NULL,NULL,NULL,NULL),(557,23,'Ana Gómez','Pasaporte','87654321','987654324','','987654325','ana.gomez@example.com',NULL,'Sin Contactar',NULL,NULL,NULL,0,NULL,NULL,NULL,NULL,NULL),(558,23,'Carlos López','DNI','23456789','987654326','987654327','','carlos.lopez@example.com',NULL,'Sin Contactar',NULL,NULL,NULL,0,NULL,NULL,NULL,NULL,NULL),(559,23,'Marta Ramírez','DNI','34567890','987654328','987654329','987654330','marta.ramirez@example.com',NULL,'Sin Contactar',NULL,NULL,NULL,0,NULL,NULL,NULL,NULL,NULL),(560,23,'Lucía Martínez','DNI','45678901','987654331','','987654332','lucia.martinez@example.com',NULL,'Sin Contactar',NULL,NULL,NULL,0,NULL,NULL,NULL,NULL,NULL),(561,23,'Juan Pérez','DNI','12345678','987654321','987654322','987654323','juan.perez@example.com',NULL,'Sin Contactar',NULL,NULL,NULL,0,NULL,NULL,NULL,NULL,NULL),(562,23,'Ana Gómez','Pasaporte','87654321','987654324','','987654325','ana.gomez@example.com',NULL,'Sin Contactar',NULL,NULL,NULL,0,NULL,NULL,NULL,NULL,NULL),(563,23,'Carlos López','DNI','23456789','987654326','987654327','','carlos.lopez@example.com',NULL,'Sin Contactar',NULL,NULL,NULL,0,NULL,NULL,NULL,NULL,NULL),(564,23,'Marta Ramírez','DNI','34567890','987654328','987654329','987654330','marta.ramirez@example.com',NULL,'Sin Contactar',NULL,NULL,NULL,0,NULL,NULL,NULL,NULL,NULL),(565,23,'Lucía Martínez','DNI','45678901','987654331','','987654332','lucia.martinez@example.com',NULL,'Sin Contactar',NULL,NULL,NULL,0,NULL,NULL,NULL,NULL,NULL),(566,23,'Juan Pérez','DNI','12345678','987654321','987654322','987654323','juan.perez@example.com',NULL,'Sin Contactar',NULL,NULL,NULL,0,NULL,NULL,NULL,NULL,NULL),(567,23,'Ana Gómez','Pasaporte','87654321','987654324','','987654325','ana.gomez@example.com',NULL,'Sin Contactar',NULL,NULL,NULL,0,NULL,NULL,NULL,NULL,NULL),(568,23,'Carlos López','DNI','23456789','987654326','987654327','','carlos.lopez@example.com',NULL,'Sin Contactar',NULL,NULL,NULL,0,NULL,NULL,NULL,NULL,NULL),(569,23,'Marta Ramírez','DNI','34567890','987654328','987654329','987654330','marta.ramirez@example.com',NULL,'Sin Contactar',NULL,NULL,NULL,0,NULL,NULL,NULL,NULL,NULL),(570,23,'Lucía Martínez','DNI','45678901','987654331','','987654332','lucia.martinez@example.com',NULL,'Sin Contactar',NULL,NULL,NULL,0,NULL,NULL,NULL,NULL,NULL),(571,23,'Juan Pérez','DNI','12345678','987654321','987654322','987654323','juan.perez@example.com',NULL,'Sin Contactar',NULL,NULL,NULL,0,NULL,NULL,NULL,NULL,NULL),(572,23,'Ana Gómez','Pasaporte','87654321','987654324','','987654325','ana.gomez@example.com',NULL,'Sin Contactar',NULL,NULL,NULL,0,NULL,NULL,NULL,NULL,NULL),(573,23,'Carlos López','DNI','23456789','987654326','987654327','','carlos.lopez@example.com',NULL,'Sin Contactar',NULL,NULL,NULL,0,NULL,NULL,NULL,NULL,NULL),(574,23,'Marta Ramírez','DNI','34567890','987654328','987654329','987654330','marta.ramirez@example.com',NULL,'Sin Contactar',NULL,NULL,NULL,0,NULL,NULL,NULL,NULL,NULL),(575,23,'Lucía Martínez','DNI','45678901','987654331','','987654332','lucia.martinez@example.com',NULL,'Sin Contactar',NULL,NULL,NULL,0,NULL,NULL,NULL,NULL,NULL),(576,23,'Juan Pérez','DNI','12345678','987654321','987654322','987654323','juan.perez@example.com',NULL,'Sin Contactar',NULL,NULL,NULL,0,NULL,NULL,NULL,NULL,NULL),(577,23,'Ana Gómez','Pasaporte','87654321','987654324','','987654325','ana.gomez@example.com',NULL,'Sin Contactar',NULL,NULL,NULL,0,NULL,NULL,NULL,NULL,NULL),(578,23,'Carlos López','DNI','23456789','987654326','987654327','','carlos.lopez@example.com',NULL,'Sin Contactar',NULL,NULL,NULL,0,NULL,NULL,NULL,NULL,NULL),(579,23,'Marta Ramírez','DNI','34567890','987654328','987654329','987654330','marta.ramirez@example.com',NULL,'Sin Contactar',NULL,NULL,NULL,0,NULL,NULL,NULL,NULL,NULL),(580,23,'Lucía Martínez','DNI','45678901','987654331','','987654332','lucia.martinez@example.com',NULL,'Sin Contactar',NULL,NULL,NULL,0,NULL,NULL,NULL,NULL,NULL),(581,23,'Juan Pérez','DNI','12345678','987654321','987654322','987654323','juan.perez@example.com',NULL,'Sin Contactar',NULL,NULL,NULL,0,NULL,NULL,NULL,NULL,NULL),(582,23,'Ana Gómez','Pasaporte','87654321','987654324','','987654325','ana.gomez@example.com',NULL,'Sin Contactar',NULL,NULL,NULL,0,NULL,NULL,NULL,NULL,NULL),(583,23,'Carlos López','DNI','23456789','987654326','987654327','','carlos.lopez@example.com',NULL,'Sin Contactar',NULL,NULL,NULL,0,NULL,NULL,NULL,NULL,NULL),(584,23,'Marta Ramírez','DNI','34567890','987654328','987654329','987654330','marta.ramirez@example.com',NULL,'Sin Contactar',NULL,NULL,NULL,0,NULL,NULL,NULL,NULL,NULL),(585,23,'Lucía Martínez','DNI','45678901','987654331','','987654332','lucia.martinez@example.com',NULL,'Sin Contactar',NULL,NULL,NULL,0,NULL,NULL,NULL,NULL,NULL),(586,23,'Juan Pérez','DNI','12345678','987654321','987654322','987654323','juan.perez@example.com',NULL,'Sin Contactar',NULL,NULL,NULL,0,NULL,NULL,NULL,NULL,NULL),(587,23,'Ana Gómez','Pasaporte','87654321','987654324','','987654325','ana.gomez@example.com',NULL,'Sin Contactar',NULL,NULL,NULL,0,NULL,NULL,NULL,NULL,NULL),(588,23,'Carlos López','DNI','23456789','987654326','987654327','','carlos.lopez@example.com',NULL,'Sin Contactar',NULL,NULL,NULL,0,NULL,NULL,NULL,NULL,NULL),(589,23,'Marta Ramírez','DNI','34567890','987654328','987654329','987654330','marta.ramirez@example.com',NULL,'Sin Contactar',NULL,NULL,NULL,0,NULL,NULL,NULL,NULL,NULL),(590,23,'Lucía Martínez','DNI','45678901','987654331','','987654332','lucia.martinez@example.com',NULL,'Sin Contactar',NULL,NULL,NULL,0,NULL,NULL,NULL,NULL,NULL),(591,23,'Juan Pérez','DNI','12345678','987654321','987654322','987654323','juan.perez@example.com',NULL,'Sin Contactar',NULL,NULL,NULL,0,NULL,NULL,NULL,NULL,NULL),(592,23,'Ana Gómez','Pasaporte','87654321','987654324','','987654325','ana.gomez@example.com',NULL,'Sin Contactar',NULL,NULL,NULL,0,NULL,NULL,NULL,NULL,NULL),(593,23,'Carlos López','DNI','23456789','987654326','987654327','','carlos.lopez@example.com',NULL,'Sin Contactar',NULL,NULL,NULL,0,NULL,NULL,NULL,NULL,NULL),(594,23,'Marta Ramírez','DNI','34567890','987654328','987654329','987654330','marta.ramirez@example.com',NULL,'Sin Contactar',NULL,NULL,NULL,0,NULL,NULL,NULL,NULL,NULL),(595,23,'Lucía Martínez','DNI','45678901','987654331','','987654332','lucia.martinez@example.com',NULL,'Sin Contactar',NULL,NULL,NULL,0,NULL,NULL,NULL,NULL,NULL),(596,23,'Juan Pérez','DNI','12345678','987654321','987654322','987654323','juan.perez@example.com',NULL,'Sin Contactar',NULL,NULL,NULL,0,NULL,NULL,NULL,NULL,NULL),(597,23,'Ana Gómez','Pasaporte','87654321','987654324','','987654325','ana.gomez@example.com',NULL,'Sin Contactar',NULL,NULL,NULL,0,NULL,NULL,NULL,NULL,NULL),(598,23,'Carlos López','DNI','23456789','987654326','987654327','','carlos.lopez@example.com',NULL,'Sin Contactar',NULL,NULL,NULL,0,NULL,NULL,NULL,NULL,NULL),(599,23,'Marta Ramírez','DNI','34567890','987654328','987654329','987654330','marta.ramirez@example.com',NULL,'Sin Contactar',NULL,NULL,NULL,0,NULL,NULL,NULL,NULL,NULL),(600,23,'Lucía Martínez','DNI','45678901','987654331','','987654332','lucia.martinez@example.com',NULL,'Sin Contactar',NULL,NULL,NULL,0,NULL,NULL,NULL,NULL,NULL),(601,23,'Juan Pérez','DNI','12345678','987654321','987654322','987654323','juan.perez@example.com',NULL,'Sin Contactar',NULL,NULL,NULL,0,NULL,NULL,NULL,NULL,NULL),(602,23,'Ana Gómez','Pasaporte','87654321','987654324','','987654325','ana.gomez@example.com',NULL,'Sin Contactar',NULL,NULL,NULL,0,NULL,NULL,NULL,NULL,NULL),(603,23,'Carlos López','DNI','23456789','987654326','987654327','','carlos.lopez@example.com',NULL,'Sin Contactar',NULL,NULL,NULL,0,NULL,NULL,NULL,NULL,NULL),(604,23,'Marta Ramírez','DNI','34567890','987654328','987654329','987654330','marta.ramirez@example.com',NULL,'Sin Contactar',NULL,NULL,NULL,0,NULL,NULL,NULL,NULL,NULL),(605,23,'Lucía Martínez','DNI','45678901','987654331','','987654332','lucia.martinez@example.com',NULL,'Sin Contactar',NULL,NULL,NULL,0,NULL,NULL,NULL,NULL,NULL),(606,23,'Juan Pérez','DNI','12345678','987654321','987654322','987654323','juan.perez@example.com',NULL,'Sin Contactar',NULL,NULL,NULL,0,NULL,NULL,NULL,NULL,NULL),(607,23,'Ana Gómez','Pasaporte','87654321','987654324','','987654325','ana.gomez@example.com',NULL,'Sin Contactar',NULL,NULL,NULL,0,NULL,NULL,NULL,NULL,NULL),(608,23,'Carlos López','DNI','23456789','987654326','987654327','','carlos.lopez@example.com',NULL,'Sin Contactar',NULL,NULL,NULL,0,NULL,NULL,NULL,NULL,NULL),(609,23,'Marta Ramírez','DNI','34567890','987654328','987654329','987654330','marta.ramirez@example.com',NULL,'Sin Contactar',NULL,NULL,NULL,0,NULL,NULL,NULL,NULL,NULL),(610,23,'Lucía Martínez','DNI','45678901','987654331','','987654332','lucia.martinez@example.com',NULL,'Sin Contactar',NULL,NULL,NULL,0,NULL,NULL,NULL,NULL,NULL),(611,23,'Juan Pérez','DNI','12345678','987654321','987654322','987654323','juan.perez@example.com',NULL,'Sin Contactar',NULL,NULL,NULL,0,NULL,NULL,NULL,NULL,NULL),(612,23,'Ana Gómez','Pasaporte','87654321','987654324','','987654325','ana.gomez@example.com',NULL,'Sin Contactar',NULL,NULL,NULL,0,NULL,NULL,NULL,NULL,NULL),(613,23,'Carlos López','DNI','23456789','987654326','987654327','','carlos.lopez@example.com',NULL,'Sin Contactar',NULL,NULL,NULL,0,NULL,NULL,NULL,NULL,NULL),(614,23,'Marta Ramírez','DNI','34567890','987654328','987654329','987654330','marta.ramirez@example.com',NULL,'Sin Contactar',NULL,NULL,NULL,0,NULL,NULL,NULL,NULL,NULL),(615,23,'Lucía Martínez','DNI','45678901','987654331','','987654332','lucia.martinez@example.com',NULL,'Sin Contactar',NULL,NULL,NULL,0,NULL,NULL,NULL,NULL,NULL),(616,23,'Juan Pérez','DNI','12345678','987654321','987654322','987654323','juan.perez@example.com',NULL,'Sin Contactar',NULL,NULL,NULL,0,NULL,NULL,NULL,NULL,NULL),(617,23,'Ana Gómez','Pasaporte','87654321','987654324','','987654325','ana.gomez@example.com',NULL,'Sin Contactar',NULL,NULL,NULL,0,NULL,NULL,NULL,NULL,NULL),(618,23,'Carlos López','DNI','23456789','987654326','987654327','','carlos.lopez@example.com',NULL,'Sin Contactar',NULL,NULL,NULL,0,NULL,NULL,NULL,NULL,NULL),(619,23,'Marta Ramírez','DNI','34567890','987654328','987654329','987654330','marta.ramirez@example.com',NULL,'Sin Contactar',NULL,NULL,NULL,0,NULL,NULL,NULL,NULL,NULL),(620,23,'Lucía Martínez','DNI','45678901','987654331','','987654332','lucia.martinez@example.com',NULL,'Sin Contactar',NULL,NULL,NULL,0,NULL,NULL,NULL,NULL,NULL),(621,23,'Juan Pérez','DNI','12345678','987654321','987654322','987654323','juan.perez@example.com',NULL,'Sin Contactar',NULL,NULL,NULL,0,NULL,NULL,NULL,NULL,NULL),(622,23,'Ana Gómez','Pasaporte','87654321','987654324','','987654325','ana.gomez@example.com',NULL,'Sin Contactar',NULL,NULL,NULL,0,NULL,NULL,NULL,NULL,NULL),(623,23,'Carlos López','DNI','23456789','987654326','987654327','','carlos.lopez@example.com',NULL,'Sin Contactar',NULL,NULL,NULL,0,NULL,NULL,NULL,NULL,NULL),(624,23,'Marta Ramírez','DNI','34567890','987654328','987654329','987654330','marta.ramirez@example.com',NULL,'Sin Contactar',NULL,NULL,NULL,0,NULL,NULL,NULL,NULL,NULL),(625,23,'Lucía Martínez','DNI','45678901','987654331','','987654332','lucia.martinez@example.com',NULL,'Sin Contactar',NULL,NULL,NULL,0,NULL,NULL,NULL,NULL,NULL),(626,23,'Juan Pérez','DNI','12345678','987654321','987654322','987654323','juan.perez@example.com',NULL,'Sin Contactar',NULL,NULL,NULL,0,NULL,NULL,NULL,NULL,NULL),(627,23,'Ana Gómez','Pasaporte','87654321','987654324','','987654325','ana.gomez@example.com',NULL,'Sin Contactar',NULL,NULL,NULL,0,NULL,NULL,NULL,NULL,NULL),(628,23,'Carlos López','DNI','23456789','987654326','987654327','','carlos.lopez@example.com',NULL,'Sin Contactar',NULL,NULL,NULL,0,NULL,NULL,NULL,NULL,NULL),(629,23,'Marta Ramírez','DNI','34567890','987654328','987654329','987654330','marta.ramirez@example.com',NULL,'Sin Contactar',NULL,NULL,NULL,0,NULL,NULL,NULL,NULL,NULL),(630,23,'Lucía Martínez','DNI','45678901','987654331','','987654332','lucia.martinez@example.com',NULL,'Sin Contactar',NULL,NULL,NULL,0,NULL,NULL,NULL,NULL,NULL),(631,23,'Juan Pérez','DNI','12345678','987654321','987654322','987654323','juan.perez@example.com',NULL,'Sin Contactar',NULL,NULL,NULL,0,NULL,NULL,NULL,NULL,NULL),(632,23,'Ana Gómez','Pasaporte','87654321','987654324','','987654325','ana.gomez@example.com',NULL,'Sin Contactar',NULL,NULL,NULL,0,NULL,NULL,NULL,NULL,NULL),(633,23,'Carlos López','DNI','23456789','987654326','987654327','','carlos.lopez@example.com',NULL,'Sin Contactar',NULL,NULL,NULL,0,NULL,NULL,NULL,NULL,NULL),(634,23,'Marta Ramírez','DNI','34567890','987654328','987654329','987654330','marta.ramirez@example.com',NULL,'Sin Contactar',NULL,NULL,NULL,0,NULL,NULL,NULL,NULL,NULL),(635,23,'Lucía Martínez','DNI','45678901','987654331','','987654332','lucia.martinez@example.com',NULL,'Sin Contactar',NULL,NULL,NULL,0,NULL,NULL,NULL,NULL,NULL),(636,23,'Juan Pérez','DNI','12345678','987654321','987654322','987654323','juan.perez@example.com',NULL,'Sin Contactar',NULL,NULL,NULL,0,NULL,NULL,NULL,NULL,NULL),(637,23,'Ana Gómez','Pasaporte','87654321','987654324','','987654325','ana.gomez@example.com',NULL,'Sin Contactar',NULL,NULL,NULL,0,NULL,NULL,NULL,NULL,NULL),(638,23,'Carlos López','DNI','23456789','987654326','987654327','','carlos.lopez@example.com',NULL,'Sin Contactar',NULL,NULL,NULL,0,NULL,NULL,NULL,NULL,NULL),(639,23,'Marta Ramírez','DNI','34567890','987654328','987654329','987654330','marta.ramirez@example.com',NULL,'Sin Contactar',NULL,NULL,NULL,0,NULL,NULL,NULL,NULL,NULL),(640,23,'Lucía Martínez','DNI','45678901','987654331','','987654332','lucia.martinez@example.com',NULL,'Sin Contactar',NULL,NULL,NULL,0,NULL,NULL,NULL,NULL,NULL),(641,23,'Juan Pérez','DNI','12345678','987654321','987654322','987654323','juan.perez@example.com',NULL,'Sin Contactar',NULL,NULL,NULL,0,NULL,NULL,NULL,NULL,NULL),(642,23,'Ana Gómez','Pasaporte','87654321','987654324','','987654325','ana.gomez@example.com',NULL,'Sin Contactar',NULL,NULL,NULL,0,NULL,NULL,NULL,NULL,NULL),(643,23,'Carlos López','DNI','23456789','987654326','987654327','','carlos.lopez@example.com',NULL,'Sin Contactar',NULL,NULL,NULL,0,NULL,NULL,NULL,NULL,NULL),(644,23,'Marta Ramírez','DNI','34567890','987654328','987654329','987654330','marta.ramirez@example.com',NULL,'Sin Contactar',NULL,NULL,NULL,0,NULL,NULL,NULL,NULL,NULL),(645,23,'Lucía Martínez','DNI','45678901','987654331','','987654332','lucia.martinez@example.com',NULL,'Sin Contactar',NULL,NULL,NULL,0,NULL,NULL,NULL,NULL,NULL);

--
-- Table structure for table `sujetos_encuestadores`
--

CREATE TABLE `sujetos_encuestadores` (
  `id` int NOT NULL AUTO_INCREMENT,
  `sujeto_id` int NOT NULL,
  `encuestador_id` int NOT NULL,
  PRIMARY KEY (`id`),
  KEY `sujeto_id` (`sujeto_id`),
  KEY `encuestador_id` (`encuestador_id`),
  CONSTRAINT `sujetos_encuestadores_ibfk_1` FOREIGN KEY (`sujeto_id`) REFERENCES `sujetos` (`id`) ON DELETE CASCADE,
  CONSTRAINT `sujetos_encuestadores_ibfk_2` FOREIGN KEY (`encuestador_id`) REFERENCES `users` (`id`) ON DELETE CASCADE
) ENGINE=InnoDB DEFAULT CHARSET=utf8mb4 COLLATE=utf8mb4_0900_ai_ci;

--
-- Dumping data for table `sujetos_encuestadores`
--


--
-- Table structure for table `ticket_responses`
--

CREATE TABLE `ticket_responses` (
  `id` int NOT NULL AUTO_INCREMENT,
  `ticket_id` int DEFAULT NULL,
  `response_message` text,
  `file_name` varchar(255) DEFAULT NULL,
  `user_type` enum('client','support') DEFAULT NULL,
  `created_at` timestamp NULL DEFAULT CURRENT_TIMESTAMP,
  PRIMARY KEY (`id`),
  KEY `ticket_id` (`ticket_id`),
  CONSTRAINT `ticket_responses_ibfk_1` FOREIGN KEY (`ticket_id`) REFERENCES `tickets` (`id`)
) ENGINE=InnoDB AUTO_INCREMENT=16 DEFAULT CHARSET=utf8mb4 COLLATE=utf8mb4_0900_ai_ci;

--
-- Dumping data for table `ticket_responses`
--

INSERT INTO `ticket_responses` VALUES (11,32,'EL PROBLEMA ES EL WIFI',NULL,'support','2025-04-29 21:16:34'),(12,32,'No debería, porque lo tengo por cable.',NULL,'client','2025-04-29 21:16:59'),(13,51,'TEST 50 OK','Documentacion_Tecnica_Intranet.docx','support','2025-05-27 20:34:46'),(14,51,'TEST 50 OK','Documentacion_Tecnica_Intranet.docx','support','2025-05-27 20:35:36'),(15,52,'CAMARA OK','Documentacion_Tecnica_Intranet.docx','support','2025-05-27 20:38:44');

--
-- Table structure for table `ticket_roles`
--

CREATE TABLE `ticket_roles` (
  `ticket_id` int NOT NULL,
  `role_id` int NOT NULL,
  PRIMARY KEY (`ticket_id`,`role_id`),
  KEY `role_id` (`role_id`),
  CONSTRAINT `ticket_roles_ibfk_1` FOREIGN KEY (`ticket_id`) REFERENCES `tickets` (`id`),
  CONSTRAINT `ticket_roles_ibfk_2` FOREIGN KEY (`role_id`) REFERENCES `roles` (`id`)
) ENGINE=InnoDB DEFAULT CHARSET=utf8mb4 COLLATE=utf8mb4_0900_ai_ci;

--
-- Dumping data for table `ticket_roles`
--

INSERT INTO `ticket_roles` VALUES (31,1),(32,1),(33,1),(34,1),(35,1),(36,1),(37,1),(38,1),(39,1),(40,1),(41,1),(42,1),(43,1),(44,1),(45,1),(46,1),(47,1),(48,1),(49,1),(50,1),(51,1),(52,1),(31,3),(32,3),(33,3),(34,3),(35,3),(36,3),(37,3),(38,3),(39,3),(40,3),(41,3),(42,3),(43,3),(44,3),(45,3),(46,3),(47,3),(48,3),(49,3),(50,3),(51,3),(52,3);

--
-- Table structure for table `tickets`
--

CREATE TABLE `tickets` (
  `id` int NOT NULL AUTO_INCREMENT,
  `description` text NOT NULL,
  `Estado` enum('En progreso','Abierto','Cerrado','Escalado') DEFAULT 'Abierto',
  `user_id` int DEFAULT NULL,
  `created_at` timestamp NULL DEFAULT CURRENT_TIMESTAMP,
  `updated_at` timestamp NULL DEFAULT CURRENT_TIMESTAMP ON UPDATE CURRENT_TIMESTAMP,
  `file_name` varchar(255) DEFAULT NULL,
  `asunto` varchar(255) NOT NULL,
  `prioridad` enum('baja','media','alta') DEFAULT NULL,
  `producto` enum('knime_server','knime_hub','knime_desktop','soporte_interno','analitica') DEFAULT NULL,
  `version` varchar(50) DEFAULT NULL,
  `departamento` enum('desarrollo','tecnologia','analitica') DEFAULT NULL,
  `admin_id` int DEFAULT NULL,
  `response` text,
  `responded_at` datetime DEFAULT NULL,
  `client_file_name` varchar(255) DEFAULT NULL,
  `support_file_name` varchar(255) DEFAULT NULL,
  PRIMARY KEY (`id`),
  KEY `user_id` (`user_id`),
  KEY `admin_id` (`admin_id`),
  CONSTRAINT `tickets_ibfk_1` FOREIGN KEY (`user_id`) REFERENCES `users` (`id`),
  CONSTRAINT `tickets_ibfk_2` FOREIGN KEY (`admin_id`) REFERENCES `users` (`id`)
) ENGINE=InnoDB AUTO_INCREMENT=53 DEFAULT CHARSET=utf8mb4 COLLATE=utf8mb4_0900_ai_ci;

--
-- Dumping data for table `tickets`
--

INSERT INTO `tickets` VALUES (31,'SSS','Abierto',6,'2025-04-29 21:11:28','2025-04-29 21:11:28','iq.png.jpg','SSDDSSSSS','media','knime_server','5.0','tecnologia',NULL,NULL,NULL,NULL,NULL),(32,'Se dañó el server','Cerrado',6,'2025-04-29 21:14:57','2025-04-29 21:18:26',NULL,'Server dañado','alta','knime_hub','1.2.2.','tecnologia',NULL,'','2025-04-29 21:18:26',NULL,NULL),(33,'test','Abierto',1,'2025-05-20 19:40:27','2025-05-20 19:40:27','682cdaabcf1234.26984030.png','Compra ip','media','knime_server','1.0','analitica',NULL,NULL,NULL,NULL,NULL),(34,'araerara','Abierto',1,'2025-05-20 20:25:36','2025-05-20 20:25:36','celulares.xlsx','Compra ip','media','knime_server','1.0','tecnologia',NULL,NULL,NULL,NULL,NULL),(35,'qeqweqw','Abierto',1,'2025-05-20 20:27:36','2025-05-20 20:27:36',NULL,'Compra ip','alta','knime_hub','1.0','tecnologia',NULL,NULL,NULL,NULL,NULL),(36,'aaaa','Abierto',1,'2025-05-20 20:52:39','2025-05-20 20:52:39',NULL,'aaa','media','knime_server','1.0','tecnologia',NULL,NULL,NULL,NULL,NULL),(37,'asdasd','Abierto',1,'2025-05-20 21:25:14','2025-05-20 21:25:14','682cf33a2d2af5.37958714.png','Compra ip','media','knime_server','1.0','tecnologia',NULL,NULL,NULL,NULL,NULL),(38,'asdasd','Abierto',1,'2025-05-20 21:30:21','2025-05-20 21:30:21','682cf46d76e664.81161090.png','Compra ip','media','knime_server','1.0','tecnologia',NULL,NULL,NULL,NULL,NULL),(39,'11111qqqqq','Abierto',1,'2025-05-20 21:32:46','2025-05-20 21:32:46','682cf4fe78fcd0.88930791.png','4:32','media','knime_server','1.0','tecnologia',NULL,NULL,NULL,NULL,NULL),(40,'11111qqqqq','Abierto',1,'2025-05-20 21:45:58','2025-05-20 21:45:58','celulares.xlsx','4:45','media','knime_server','1.0','tecnologia',NULL,NULL,NULL,NULL,NULL),(41,'11111qqqqq','Abierto',1,'2025-05-20 21:54:31','2025-05-20 21:54:31','celulares.xlsx','4:45','media','knime_server','1.0','tecnologia',NULL,NULL,NULL,NULL,NULL),(42,'test','Abierto',1,'2025-05-20 21:55:01','2025-05-20 21:55:01','celulares.xlsx','4:54','media','knime_server','1.0','tecnologia',NULL,NULL,NULL,NULL,NULL),(43,'test','Abierto',1,'2025-05-20 22:05:07','2025-05-20 22:05:07','682cfc9345f18_celulares.xlsx','5:04','media','knime_server','1.0','tecnologia',NULL,NULL,NULL,NULL,NULL),(44,'test','Abierto',1,'2025-05-20 22:07:29','2025-05-20 22:07:29','682cfd213abc4_celulares.xlsx','5:07','alta','knime_server','1.0','tecnologia',NULL,NULL,NULL,NULL,NULL),(45,'testttt','Abierto',1,'2025-05-21 15:50:44','2025-05-21 15:50:44','682df654a0882_celulares.xlsx','21-05-2025 10:50','media','knime_server','1.0','tecnologia',NULL,NULL,NULL,NULL,NULL),(46,'test','Abierto',1,'2025-05-21 15:58:13','2025-05-21 15:58:13','682df8151ab27_celulares.xlsx','TEST','media','knime_server','1.0','tecnologia',NULL,NULL,NULL,NULL,NULL),(47,'test','Abierto',1,'2025-05-22 15:26:30','2025-05-22 15:26:30','682f42266562e_Fondo-blanco-cno-octagonso-amarrillos.png','22-05-25 10:26','media','knime_server','1.0','analitica',NULL,NULL,NULL,NULL,NULL),(48,'aaa','Abierto',1,'2025-05-22 15:51:23','2025-05-22 15:51:23','682f47fb34daa_Fondo-blanco-cno-octagonso-amarrillos.png','TEST 10:51','baja','knime_hub','1.3','analitica',NULL,NULL,NULL,NULL,NULL),(49,'22222222','Abierto',6,'2025-05-22 19:22:40','2025-05-22 19:22:40','682f798013d10_R.jpg','2:22','baja','knime_server','1','tecnologia',NULL,NULL,NULL,NULL,NULL),(50,'No me carga la pagina','Escalado',4,'2025-05-26 14:55:10','2025-05-27 20:25:40','683480ceecdf8_IMG-20250526-WA0003.jpeg','Problemas con la pagina de encuestas no carga','alta','knime_hub','1.1','tecnologia',NULL,'test','2025-05-27 20:25:40',NULL,NULL),(51,'test del test del otro test','Cerrado',17,'2025-05-27 20:34:18','2025-05-27 20:35:36','683621ca53486_Guía 1 Ética.docx','test50','baja','knime_hub','1.1','analitica',NULL,NULL,NULL,NULL,NULL),(52,'camraaaaaaa','En progreso',19,'2025-05-27 20:38:21','2025-05-27 20:39:29','683622bdd0c5e_GUIA 7.docx','Camara','media','knime_server','1.5','tecnologia',NULL,'TESTESTESTSETE','2025-05-27 20:39:29',NULL,NULL);


